{"id":8522,"date":"2025-07-28T23:07:29","date_gmt":"2025-07-28T23:07:29","guid":{"rendered":"https:\/\/prodental.hu\/shop\/?post_type=product&#038;p=8522"},"modified":"2025-11-14T20:15:13","modified_gmt":"2025-11-14T20:15:13","slug":"i-pro-lc-fenyrekoto-ideiglenes-tomoanyag-2-db-4-g-os-fecskendo","status":"publish","type":"product","link":"https:\/\/prodental.hu\/shop\/product\/i-pro-lc-fenyrekoto-ideiglenes-tomoanyag-2-db-4-g-os-fecskendo\/","title":{"rendered":"i-PRO LC \u2013 f\u00e9nyrek\u00f6t\u0151 ideiglenes t\u00f6m\u0151anyag 2 db 4 g-os fecskend\u0151"},"content":{"rendered":"<p><strong>i-PRO LC \u2013 f\u00e9nyrek\u00f6t\u0151 ideiglenes t\u00f6m\u0151anyag<\/strong><\/p>\n<p>Az i-PRO LC egy f\u00e9nyre k\u00f6t\u0151, polimer alap\u00fa ideiglenes t\u00f6m\u0151anyag, amelyet ideiglenes fog\u00e1szati \u200b\u200brestaur\u00e1ci\u00f3khoz terveztek. Gyors polimeriz\u00e1ci\u00f3t biztos\u00edt, \u00edgy azonnali stabilit\u00e1st \u00e9s v\u00e9delmet biztos\u00edt az alatta l\u00e9v\u0151 fogszerkezetnek. A gyanta alap\u00fa \u00f6sszet\u00e9tel egyens\u00falyt teremt a mechanikai szil\u00e1rds\u00e1g, az eszt\u00e9tika \u00e9s a k\u00f6nny\u0171 haszn\u00e1lat k\u00f6z\u00f6tt, \u00edgy az i-PRO LC ide\u00e1lis v\u00e1laszt\u00e1s olyan ideiglenes t\u00f6m\u00e9sekhez, amelyek t\u00e1mogatj\u00e1k a norm\u00e1l fogfunkci\u00f3t an\u00e9lk\u00fcl, hogy a behelyez\u00e9s ut\u00e1n tov\u00e1bbi betegv\u00e9delmi int\u00e9zked\u00e9sekre lenne sz\u00fcks\u00e9g.<\/p>\n<p><strong>\u00a0<\/strong><strong>Indik\u00e1ci\u00f3k<\/strong><\/p>\n<ul>\n<li>Ideiglenes t\u00f6m\u00e9sek k\u00e9sz\u00edt\u00e9se.<\/li>\n<\/ul>\n<p><strong>F\u0151bb jellemz\u0151k<\/strong><\/p>\n<ul>\n<li>Ide\u00e1lis ideiglenes t\u00f6m\u00e9sekhez, r\u00f6vid \u00e9s hosszabb ideig egyar\u00e1nt.<\/li>\n<li>A gyors polimeriz\u00e1ci\u00f3 azonnali stabilit\u00e1st \u00e9s funkcionalit\u00e1st biztos\u00edt a polimeriz\u00e1ci\u00f3 ut\u00e1n.<\/li>\n<li>Gyorsan \u00e9s egyszer\u0171en, egy darabban elt\u00e1vol\u00edthat\u00f3, \u00edgy az \u00fcreg tiszta marad.<\/li>\n<li>Nem k\u00e1ros\u00edtja a prepar\u00e1tum hat\u00e1rait.<\/li>\n<li>Tart\u00f3s \u00e9s ny\u00e1l\u00e1ll\u00f3, \u00edgy megb\u00edzhat\u00f3 teljes\u00edtm\u00e9nyt biztos\u00edt a kezel\u00e9sek k\u00f6z\u00f6tt.<\/li>\n<li>Magas kop\u00e1s\u00e1ll\u00f3s\u00e1g a hosszabb \u00e9lettartam \u00e9rdek\u00e9ben.<\/li>\n<li>Kiv\u00e1l\u00f3 tapad\u00e1s a biztons\u00e1gos r\u00f6gz\u00edt\u00e9s \u00e9rdek\u00e9ben.<\/li>\n<li>Az eugenolmentes \u00f6sszet\u00e9tel biztos\u00edtja az eugenolra \u00e9rz\u00e9keny betegekkel val\u00f3 kompatibilit\u00e1st.<\/li>\n<\/ul>\n","protected":false},"excerpt":{"rendered":"<p>Az i-PRO LC egy f\u00e9nyre k\u00f6t\u0151, polimer alap\u00fa ideiglenes t\u00f6m\u0151anyag, amelyet ideiglenes fog\u00e1szati \u200b\u200brestaur\u00e1ci\u00f3khoz terveztek. Gyors polimeriz\u00e1ci\u00f3t biztos\u00edt, \u00edgy azonnali stabilit\u00e1st \u00e9s v\u00e9delmet biztos\u00edt az alatta l\u00e9v\u0151 fogszerkezetnek. A gyanta alap\u00fa \u00f6sszet\u00e9tel egyens\u00falyt teremt a mechanikai szil\u00e1rds\u00e1g, az eszt\u00e9tika \u00e9s a k\u00f6nny\u0171 haszn\u00e1lat k\u00f6z\u00f6tt, \u00edgy az i-PRO LC ide\u00e1lis v\u00e1laszt\u00e1s olyan ideiglenes t\u00f6m\u00e9sekhez, amelyek t\u00e1mogatj\u00e1k a norm\u00e1l fogfunkci\u00f3t an\u00e9lk\u00fcl, hogy a behelyez\u00e9s ut\u00e1n tov\u00e1bbi betegv\u00e9delmi int\u00e9zked\u00e9sekre lenne sz\u00fcks\u00e9g.<\/p>\n","protected":false},"featured_media":8523,"comment_status":"open","ping_status":"closed","template":"","meta":{"inline_featured_image":false},"product_brand":[88],"product_cat":[142],"product_tag":[106,143,144],"class_list":{"0":"post-8522","1":"product","2":"type-product","3":"status-publish","4":"has-post-thumbnail","6":"product_brand-i-dental","7":"product_cat-ideiglenes-anyagok","8":"product_tag-fenyrekoto","9":"product_tag-ideiglenes","10":"product_tag-tomoanyag","12":"first","13":"instock","14":"taxable","15":"shipping-taxable","16":"purchasable","17":"product-type-simple"},"_links":{"self":[{"href":"https:\/\/prodental.hu\/shop\/wp-json\/wp\/v2\/product\/8522","targetHints":{"allow":["GET"]}}],"collection":[{"href":"https:\/\/prodental.hu\/shop\/wp-json\/wp\/v2\/product"}],"about":[{"href":"https:\/\/prodental.hu\/shop\/wp-json\/wp\/v2\/types\/product"}],"replies":[{"embeddable":true,"href":"https:\/\/prodental.hu\/shop\/wp-json\/wp\/v2\/comments?post=8522"}],"wp:featuredmedia":[{"embeddable":true,"href":"https:\/\/prodental.hu\/shop\/wp-json\/wp\/v2\/media\/8523"}],"wp:attachment":[{"href":"https:\/\/prodental.hu\/shop\/wp-json\/wp\/v2\/media?parent=8522"}],"wp:term":[{"taxonomy":"product_brand","embeddable":true,"href":"https:\/\/prodental.hu\/shop\/wp-json\/wp\/v2\/product_brand?post=8522"},{"taxonomy":"product_cat","embeddable":true,"href":"https:\/\/prodental.hu\/shop\/wp-json\/wp\/v2\/product_cat?post=8522"},{"taxonomy":"product_tag","embeddable":true,"href":"https:\/\/prodental.hu\/shop\/wp-json\/wp\/v2\/product_tag?post=8522"}],"curies":[{"name":"wp","href":"https:\/\/api.w.org\/{rel}","templated":true}]}}

i-PRO LC – fényrekötő ideiglenes tömőanyag 2 db 4 g-os fecskendő

<p><strong>i-PRO LC – fényrekötő ideiglenes tömőanyag</strong></p>
<p>Az i-PRO LC egy fényre kötő, polimer alapú ideiglenes tömőanyag, amelyet ideiglenes fogászati ​​restaurációkhoz terveztek. Gyors polimerizációt biztosít, így azonnali stabilitást és védelmet biztosít az alatta lévő fogszerkezetnek. A gyanta alapú összetétel egyensúlyt teremt a mechanikai szilárdság, az esztétika és a könnyű használat között, így az i-PRO LC ideális választás olyan ideiglenes tömésekhez, amelyek támogatják a normál fogfunkciót anélkül, hogy a behelyezés után további betegvédelmi intézkedésekre lenne szükség.</p>
<p><strong> </strong><strong>Indikációk</strong></p>
<ul>
<li>Ideiglenes tömések készítése.</li>
</ul>
<p><strong>Főbb jellemzők</strong></p>
<ul>
<li>Ideális ideiglenes tömésekhez, rövid és hosszabb ideig egyaránt.</li>
<li>A gyors polimerizáció azonnali stabilitást és funkcionalitást biztosít a polimerizáció után.</li>
<li>Gyorsan és egyszerűen, egy darabban eltávolítható, így az üreg tiszta marad.</li>
<li>Nem károsítja a preparátum határait.</li>
<li>Tartós és nyálálló, így megbízható teljesítményt biztosít a kezelések között.</li>
<li>Magas kopásállóság a hosszabb élettartam érdekében.</li>
<li>Kiváló tapadás a biztonságos rögzítés érdekében.</li>
<li>Az eugenolmentes összetétel biztosítja az eugenolra érzékeny betegekkel való kompatibilitást.</li>
</ul>

<p>Az i-PRO LC egy fényre kötő, polimer alapú ideiglenes tömőanyag, amelyet ideiglenes fogászati ​​restaurációkhoz terveztek. Gyors polimerizációt biztosít, így azonnali stabilitást és védelmet biztosít az alatta lévő fogszerkezetnek. A gyanta alapú összetétel egyensúlyt teremt a mechanikai szilárdság, az esztétika és a könnyű használat között, így az i-PRO LC ideális választás olyan ideiglenes tömésekhez, amelyek támogatják a normál fogfunkciót anélkül, hogy a behelyezés után további betegvédelmi intézkedésekre lenne szükség.</p>
