{"id":8494,"date":"2025-07-28T22:17:21","date_gmt":"2025-07-28T22:17:21","guid":{"rendered":"https:\/\/prodental.hu\/shop\/?post_type=product&#038;p=8494"},"modified":"2025-11-14T20:17:01","modified_gmt":"2025-11-14T20:17:01","slug":"i-xcite-n-fenyrekoto-nanokompozit","status":"publish","type":"product","link":"https:\/\/prodental.hu\/shop\/product\/i-xcite-n-fenyrekoto-nanokompozit\/","title":{"rendered":"i-XCITE N \u2013 f\u00e9nyrek\u00f6t\u0151 nanokompozit"},"content":{"rendered":"<p><strong>i-XCITE N \u2013 f\u00e9nyrek\u00f6t\u0151 nanokompozit<\/strong><\/p>\n<p>Az i-XCITE LC N egy f\u00e9nyre k\u00f6t\u0151, nanohibrid kompozit, amelyet apr\u00f3l\u00e9kosan terveztek mind a direkt, mind az indirekt restaur\u00e1ci\u00f3s elj\u00e1r\u00e1sokhoz. Az optim\u00e1lis teljes\u00edtm\u00e9nyre tervezett bioinert, radiopak formul\u00e1ja nagy szil\u00e1rds\u00e1got, kiv\u00e1l\u00f3 kop\u00e1s\u00e1ll\u00f3s\u00e1got \u00e9s hossz\u00fa t\u00e1v\u00fa tart\u00f3ss\u00e1got biztos\u00edt. A VITA\u00ae sz\u00ednkulcsnak megfelel\u0151 sz\u00ednekkel ez a kompozit term\u00e9szetes eszt\u00e9tik\u00e1t \u00e9s kiv\u00e1l\u00f3 sz\u00ednstabilit\u00e1st k\u00edn\u00e1l, \u00edgy ide\u00e1lis mind az anterior, mind az posterior restaur\u00e1ci\u00f3khoz.<\/p>\n<p><strong>Indik\u00e1ci\u00f3k<\/strong><\/p>\n<ul>\n<li>I, II., III., IV. \u00e9s V. oszt\u00e1ly\u00fa \u00fcregek direkt restaur\u00e1ci\u00f3ihoz.<\/li>\n<li>Indirekt restaur\u00e1ci\u00f3khoz, p\u00e9ld\u00e1ul inlay-khez, onlay-khez.<\/li>\n<li>Csonkfel\u00e9p\u00edt\u00e9shez.<\/li>\n<\/ul>\n<p><strong>F\u0151bb jellemz\u0151k<\/strong><\/p>\n<ul>\n<li>A nagy mennyis\u00e9g\u0171 szervetlen t\u00f6lt\u0151anyag n\u00f6veli a mechanikai szil\u00e1rds\u00e1got, hogy ellen\u00e1lljon a r\u00e1g\u00f3er\u0151knek.<\/li>\n<li>A rendk\u00edv\u00fcl homog\u00e9n \u00e9s sima \u00e1llag prec\u00edz kezelhet\u0151s\u00e9get \u00e9s k\u00f6nnyed form\u00e1zhat\u00f3s\u00e1got biztos\u00edt.<\/li>\n<li>Rendk\u00edv\u00fcl ellen\u00e1ll\u00f3 a kop\u00e1ssal szemben, megb\u00edzhat\u00f3 hossz\u00fa t\u00e1v\u00fa teljes\u00edtm\u00e9nyt biztos\u00edt.<\/li>\n<li>R\u00f6ntgen\u00e1rny\u00e9kot ad a pontos radiogr\u00e1fiai \u00e9rt\u00e9kel\u00e9shez.<\/li>\n<li>A biokompatibilis \u00f6sszet\u00e9tel biztos\u00edtja a biztons\u00e1gos klinikai alkalmaz\u00e1st.<\/li>\n<li>Tart\u00f3s, magasf\u00e9ny\u0171 fel\u00fcletet biztos\u00edt a gyors \u00e9s egyszer\u0171 pol\u00edroz\u00e1snak k\u00f6sz\u00f6nhet\u0151en<\/li>\n<li>A kiv\u00e1l\u00f3 eszt\u00e9tik\u00e1t tart\u00f3s, hosszan tart\u00f3 \u00e1rnyalatokkal \u00f6tv\u00f6zi a term\u00e9szetes hat\u00e1s\u00fa eredm\u00e9ny\u00e9rt.<\/li>\n<\/ul>\n","protected":false},"excerpt":{"rendered":"<p>Az i-XCITE LC N egy f\u00e9nyre k\u00f6t\u0151, nanohibrid kompozit, amelyet apr\u00f3l\u00e9kosan terveztek mind a direkt, mind az indirekt restaur\u00e1ci\u00f3s elj\u00e1r\u00e1sokhoz. Az optim\u00e1lis teljes\u00edtm\u00e9nyre tervezett bioinert, radiopak formul\u00e1ja nagy szil\u00e1rds\u00e1got, kiv\u00e1l\u00f3 kop\u00e1s\u00e1ll\u00f3s\u00e1got \u00e9s hossz\u00fa t\u00e1v\u00fa tart\u00f3ss\u00e1got biztos\u00edt. A VITA\u00ae sz\u00ednkulcsnak megfelel\u0151 sz\u00ednekkel ez a kompozit term\u00e9szetes eszt\u00e9tik\u00e1t \u00e9s kiv\u00e1l\u00f3 sz\u00ednstabilit\u00e1st k\u00edn\u00e1l, \u00edgy ide\u00e1lis mind az anterior, mind az posterior restaur\u00e1ci\u00f3khoz.<\/p>\n","protected":false},"featured_media":8495,"comment_status":"open","ping_status":"closed","template":"","meta":{"inline_featured_image":false},"product_brand":[88],"product_cat":[130,263],"product_tag":[106,132],"class_list":{"0":"post-8494","1":"product","2":"type-product","3":"status-publish","4":"has-post-thumbnail","6":"product_brand-i-dental","7":"product_cat-kompozitok","8":"product_cat-tomeskeszites","9":"product_tag-fenyrekoto","10":"product_tag-nanokompozit","12":"first","13":"instock","14":"taxable","15":"shipping-taxable","16":"purchasable","17":"product-type-variable"},"_links":{"self":[{"href":"https:\/\/prodental.hu\/shop\/wp-json\/wp\/v2\/product\/8494","targetHints":{"allow":["GET"]}}],"collection":[{"href":"https:\/\/prodental.hu\/shop\/wp-json\/wp\/v2\/product"}],"about":[{"href":"https:\/\/prodental.hu\/shop\/wp-json\/wp\/v2\/types\/product"}],"replies":[{"embeddable":true,"href":"https:\/\/prodental.hu\/shop\/wp-json\/wp\/v2\/comments?post=8494"}],"wp:featuredmedia":[{"embeddable":true,"href":"https:\/\/prodental.hu\/shop\/wp-json\/wp\/v2\/media\/8495"}],"wp:attachment":[{"href":"https:\/\/prodental.hu\/shop\/wp-json\/wp\/v2\/media?parent=8494"}],"wp:term":[{"taxonomy":"product_brand","embeddable":true,"href":"https:\/\/prodental.hu\/shop\/wp-json\/wp\/v2\/product_brand?post=8494"},{"taxonomy":"product_cat","embeddable":true,"href":"https:\/\/prodental.hu\/shop\/wp-json\/wp\/v2\/product_cat?post=8494"},{"taxonomy":"product_tag","embeddable":true,"href":"https:\/\/prodental.hu\/shop\/wp-json\/wp\/v2\/product_tag?post=8494"}],"curies":[{"name":"wp","href":"https:\/\/api.w.org\/{rel}","templated":true}]}}

i-XCITE N – fényrekötő nanokompozit

<p><strong>i-XCITE N – fényrekötő nanokompozit</strong></p>
<p>Az i-XCITE LC N egy fényre kötő, nanohibrid kompozit, amelyet aprólékosan terveztek mind a direkt, mind az indirekt restaurációs eljárásokhoz. Az optimális teljesítményre tervezett bioinert, radiopak formulája nagy szilárdságot, kiváló kopásállóságot és hosszú távú tartósságot biztosít. A VITA® színkulcsnak megfelelő színekkel ez a kompozit természetes esztétikát és kiváló színstabilitást kínál, így ideális mind az anterior, mind az posterior restaurációkhoz.</p>
<p><strong>Indikációk</strong></p>
<ul>
<li>I, II., III., IV. és V. osztályú üregek direkt restaurációihoz.</li>
<li>Indirekt restaurációkhoz, például inlay-khez, onlay-khez.</li>
<li>Csonkfelépítéshez.</li>
</ul>
<p><strong>Főbb jellemzők</strong></p>
<ul>
<li>A nagy mennyiségű szervetlen töltőanyag növeli a mechanikai szilárdságot, hogy ellenálljon a rágóerőknek.</li>
<li>A rendkívül homogén és sima állag precíz kezelhetőséget és könnyed formázhatóságot biztosít.</li>
<li>Rendkívül ellenálló a kopással szemben, megbízható hosszú távú teljesítményt biztosít.</li>
<li>Röntgenárnyékot ad a pontos radiográfiai értékeléshez.</li>
<li>A biokompatibilis összetétel biztosítja a biztonságos klinikai alkalmazást.</li>
<li>Tartós, magasfényű felületet biztosít a gyors és egyszerű polírozásnak köszönhetően</li>
<li>A kiváló esztétikát tartós, hosszan tartó árnyalatokkal ötvözi a természetes hatású eredményért.</li>
</ul>

<p>Az i-XCITE LC N egy fényre kötő, nanohibrid kompozit, amelyet aprólékosan terveztek mind a direkt, mind az indirekt restaurációs eljárásokhoz. Az optimális teljesítményre tervezett bioinert, radiopak formulája nagy szilárdságot, kiváló kopásállóságot és hosszú távú tartósságot biztosít. A VITA® színkulcsnak megfelelő színekkel ez a kompozit természetes esztétikát és kiváló színstabilitást kínál, így ideális mind az anterior, mind az posterior restaurációkhoz.</p>
