{"id":8464,"date":"2025-07-28T21:49:38","date_gmt":"2025-07-28T21:49:38","guid":{"rendered":"https:\/\/prodental.hu\/shop\/?post_type=product&#038;p=8464"},"modified":"2025-11-14T21:07:38","modified_gmt":"2025-11-14T21:07:38","slug":"i-flow-n-folyekony-nanokompozit","status":"publish","type":"product","link":"https:\/\/prodental.hu\/shop\/product\/i-flow-n-folyekony-nanokompozit\/","title":{"rendered":"i-FLOW N \u2013 foly\u00e9kony nanokompozit"},"content":{"rendered":"<p><strong>i-FLOW N \u2013 foly\u00e9kony nanokompozit<\/strong><\/p>\n<p>Az i-FLOW egy f\u00e9nyre k\u00f6t\u0151, r\u00f6ntgen\u00e1rny\u00e9kot ad\u00f3, nano-alap\u00fa foly\u00e9kony kompozit, amelyet prec\u00edzi\u00f3s fog\u00e1szati \u200b\u200brestaur\u00e1ci\u00f3khoz terveztek. Sima, foly\u00e9kony \u00e1llaga kiv\u00e1l\u00f3an alkalmazkodik az \u00fcregfalakhoz, \u00edgy ide\u00e1lis kis \u00fcregekhez, fissz\u00far\u00e1khoz \u00e9s \u00f6sszetett restaur\u00e1ci\u00f3khoz. Az i-FLOW er\u0151s k\u00f6t\u00e9st, eszt\u00e9tikus eredm\u00e9nyt \u00e9s k\u00f6nny\u0171 kezelhet\u0151s\u00e9get k\u00edn\u00e1l, \u00edgy megb\u00edzhat\u00f3 megold\u00e1s mind az el\u00fcls\u0151, mind a h\u00e1tuls\u00f3 fogak restaur\u00e1ci\u00f3ihoz.<\/p>\n<p><strong>Indik\u00e1ci\u00f3k<\/strong><\/p>\n<ul>\n<li>III., IV. \u00e9s V. oszt\u00e1ly\u00fa \u00fcregek helyre\u00e1ll\u00edt\u00e1s\u00e1hoz.<\/li>\n<li>Gy\u00f6k\u00e9rfelsz\u00edni szuvasod\u00e1s helyre\u00e1ll\u00edt\u00e1s\u00e1hoz.<\/li>\n<li>G\u00f6dr\u00f6k \u00e9s reped\u00e9sek t\u00f6m\u00edt\u00e9s\u00e9re.<\/li>\n<li>\u00e9s II. oszt\u00e1ly\u00fa \u00fcregek al\u00e1b\u00e9lel\u00e9s\u00e9hez.<\/li>\n<\/ul>\n<p><strong>F\u0151bb jellemz\u0151k<\/strong><\/p>\n<ul>\n<li>A foly\u00e9kony \u00e1llag prec\u00edz felvitelt \u00e9s kiv\u00e1l\u00f3 illeszked\u00e9st biztos\u00edt az \u00fcregek fal\u00e1hoz.<\/li>\n<li>A r\u00f6ntgen\u00e1rny\u00e9kot ad\u00f3 formula tiszta l\u00e1that\u00f3s\u00e1got biztos\u00edt a restaur\u00e1ci\u00f3k monitoroz\u00e1s\u00e1hoz.<\/li>\n<li>A nagy hajl\u00edt\u00f3szil\u00e1rds\u00e1g (110,24\u00b11,4 MPa) tart\u00f3s, hossz\u00fa \u00e9lettartam\u00fa restaur\u00e1ci\u00f3kat biztos\u00edt.<\/li>\n<li>A kiv\u00e1l\u00f3 pol\u00edrozhat\u00f3s\u00e1g seg\u00edt a term\u00e9szetes fogeszt\u00e9tika el\u00e9r\u00e9s\u00e9ben.<\/li>\n<li>A kiegyens\u00falyozott viszkozit\u00e1s ide\u00e1lis \u00f6nter\u00fcl\u0151 tulajdons\u00e1gokat k\u00edn\u00e1l, sima foly\u00e1st biztos\u00edt, mik\u00f6zben megakad\u00e1lyozza az anyag megfoly\u00e1s\u00e1t, \u00edgy biztos\u00edtva, hogy a hely\u00e9n maradjon.<\/li>\n<li>A praktikus fecskend\u0151rendszer lehet\u0151v\u00e9 teszi a szab\u00e1lyozott \u00e9s hat\u00e9kony alkalmaz\u00e1st minim\u00e1lis anyagvesztes\u00e9ggel.<\/li>\n<\/ul>\n","protected":false},"excerpt":{"rendered":"<p>Az i-FLOW egy f\u00e9nyre k\u00f6t\u0151, r\u00f6ntgen\u00e1rny\u00e9kot ad\u00f3, nano-alap\u00fa foly\u00e9kony kompozit, amelyet prec\u00edzi\u00f3s fog\u00e1szati \u200b\u200brestaur\u00e1ci\u00f3khoz terveztek. Sima, foly\u00e9kony \u00e1llaga kiv\u00e1l\u00f3an alkalmazkodik az \u00fcregfalakhoz, \u00edgy ide\u00e1lis kis \u00fcregekhez, fissz\u00far\u00e1khoz \u00e9s \u00f6sszetett restaur\u00e1ci\u00f3khoz. Az i-FLOW er\u0151s k\u00f6t\u00e9st, eszt\u00e9tikus eredm\u00e9nyt \u00e9s k\u00f6nny\u0171 kezelhet\u0151s\u00e9get k\u00edn\u00e1l, \u00edgy megb\u00edzhat\u00f3 megold\u00e1s mind az el\u00fcls\u0151, mind a h\u00e1tuls\u00f3 fogak restaur\u00e1ci\u00f3ihoz.<\/p>\n","protected":false},"featured_media":8465,"comment_status":"open","ping_status":"closed","template":"","meta":{"inline_featured_image":false},"product_brand":[88],"product_cat":[275,263],"product_tag":[131,132,133],"class_list":{"0":"post-8464","1":"product","2":"type-product","3":"status-publish","4":"has-post-thumbnail","6":"product_brand-i-dental","7":"product_cat-folyekony-kompozitok","8":"product_cat-tomeskeszites","9":"product_tag-folyekony","10":"product_tag-nanokompozit","11":"product_tag-restauracio","13":"first","14":"instock","15":"taxable","16":"shipping-taxable","17":"purchasable","18":"product-type-variable"},"_links":{"self":[{"href":"https:\/\/prodental.hu\/shop\/wp-json\/wp\/v2\/product\/8464","targetHints":{"allow":["GET"]}}],"collection":[{"href":"https:\/\/prodental.hu\/shop\/wp-json\/wp\/v2\/product"}],"about":[{"href":"https:\/\/prodental.hu\/shop\/wp-json\/wp\/v2\/types\/product"}],"replies":[{"embeddable":true,"href":"https:\/\/prodental.hu\/shop\/wp-json\/wp\/v2\/comments?post=8464"}],"wp:featuredmedia":[{"embeddable":true,"href":"https:\/\/prodental.hu\/shop\/wp-json\/wp\/v2\/media\/8465"}],"wp:attachment":[{"href":"https:\/\/prodental.hu\/shop\/wp-json\/wp\/v2\/media?parent=8464"}],"wp:term":[{"taxonomy":"product_brand","embeddable":true,"href":"https:\/\/prodental.hu\/shop\/wp-json\/wp\/v2\/product_brand?post=8464"},{"taxonomy":"product_cat","embeddable":true,"href":"https:\/\/prodental.hu\/shop\/wp-json\/wp\/v2\/product_cat?post=8464"},{"taxonomy":"product_tag","embeddable":true,"href":"https:\/\/prodental.hu\/shop\/wp-json\/wp\/v2\/product_tag?post=8464"}],"curies":[{"name":"wp","href":"https:\/\/api.w.org\/{rel}","templated":true}]}}

i-FLOW N – folyékony nanokompozit

<p><strong>i-FLOW N – folyékony nanokompozit</strong></p>
<p>Az i-FLOW egy fényre kötő, röntgenárnyékot adó, nano-alapú folyékony kompozit, amelyet precíziós fogászati ​​restaurációkhoz terveztek. Sima, folyékony állaga kiválóan alkalmazkodik az üregfalakhoz, így ideális kis üregekhez, fisszúrákhoz és összetett restaurációkhoz. Az i-FLOW erős kötést, esztétikus eredményt és könnyű kezelhetőséget kínál, így megbízható megoldás mind az elülső, mind a hátulsó fogak restaurációihoz.</p>
<p><strong>Indikációk</strong></p>
<ul>
<li>III., IV. és V. osztályú üregek helyreállításához.</li>
<li>Gyökérfelszíni szuvasodás helyreállításához.</li>
<li>Gödrök és repedések tömítésére.</li>
<li>és II. osztályú üregek alábéleléséhez.</li>
</ul>
<p><strong>Főbb jellemzők</strong></p>
<ul>
<li>A folyékony állag precíz felvitelt és kiváló illeszkedést biztosít az üregek falához.</li>
<li>A röntgenárnyékot adó formula tiszta láthatóságot biztosít a restaurációk monitorozásához.</li>
<li>A nagy hajlítószilárdság (110,24±1,4 MPa) tartós, hosszú élettartamú restaurációkat biztosít.</li>
<li>A kiváló polírozhatóság segít a természetes fogesztétika elérésében.</li>
<li>A kiegyensúlyozott viszkozitás ideális önterülő tulajdonságokat kínál, sima folyást biztosít, miközben megakadályozza az anyag megfolyását, így biztosítva, hogy a helyén maradjon.</li>
<li>A praktikus fecskendőrendszer lehetővé teszi a szabályozott és hatékony alkalmazást minimális anyagveszteséggel.</li>
</ul>

<p>Az i-FLOW egy fényre kötő, röntgenárnyékot adó, nano-alapú folyékony kompozit, amelyet precíziós fogászati ​​restaurációkhoz terveztek. Sima, folyékony állaga kiválóan alkalmazkodik az üregfalakhoz, így ideális kis üregekhez, fisszúrákhoz és összetett restaurációkhoz. Az i-FLOW erős kötést, esztétikus eredményt és könnyű kezelhetőséget kínál, így megbízható megoldás mind az elülső, mind a hátulsó fogak restaurációihoz.</p>
