{"id":8459,"date":"2025-07-28T21:38:52","date_gmt":"2025-07-28T21:38:52","guid":{"rendered":"https:\/\/prodental.hu\/shop\/?post_type=product&#038;p=8459"},"modified":"2025-11-14T21:09:44","modified_gmt":"2025-11-14T21:09:44","slug":"i-liner-kompomer-alabelelo","status":"publish","type":"product","link":"https:\/\/prodental.hu\/shop\/product\/i-liner-kompomer-alabelelo\/","title":{"rendered":"i-LINER \u2013 kompomer al\u00e1b\u00e9lel\u0151"},"content":{"rendered":"<p><strong>i-LINER \u2013 kompomer al\u00e1b\u00e9lel\u0151<\/strong><\/p>\n<p>Az i-LINER egy fejlett, f\u00e9nyrek\u00f6t\u0151 kompomer al\u00e1b\u00e9lel\u0151, amelyet a t\u00f6m\u00e9sek tart\u00f3ss\u00e1g\u00e1nak n\u00f6vel\u00e9s\u00e9re terveztek. Polisavval m\u00f3dos\u00edtott kompozit gyanta \u00e9s \u00fcvegionomer t\u00f6lt\u0151anyag formul\u00e1ja er\u0151s tapad\u00e1st biztos\u00edt a dentinhez, mik\u00f6zben cs\u00f6kkenti a kompozit anyagok zsugorod\u00e1s\u00e1t.<\/p>\n<p>A professzion\u00e1lis fog\u00e1szati \u200b\u200bhaszn\u00e1latra tervezett i-LINER minimaliz\u00e1lja a mikrot\u00f6r\u00e9sek \u00e9s a m\u00e1sodlagos szuvasod\u00e1s kock\u00e1zat\u00e1t a m\u00e9ly \u00fcregekben, t\u00e1mogatva a tart\u00f3s restaur\u00e1ci\u00f3kat \u00e9s az optim\u00e1lis p\u00e1ciens-eredm\u00e9nyeket. Kett\u0151s funkcionalit\u00e1sa lehet\u0151v\u00e9 teszi, hogy hagyom\u00e1nyos al\u00e1b\u00e9lel\u0151k\u00e9nt, csak az \u00fcreg alj\u00e1t fedje le, vagy teljes \u00fcregbevonatk\u00e9nt is haszn\u00e1lhat\u00f3, egyenletesen elosztva a fesz\u00fclts\u00e9get \u00e9s cs\u00f6kkentve a zsugorod\u00e1sb\u00f3l ered\u0151 fesz\u00fclts\u00e9get.<\/p>\n<p><strong>Klinikai indik\u00e1ci\u00f3k<\/strong><\/p>\n<p>Polimer alap\u00fa t\u00f6m\u0151anyagok, amalg\u00e1mok \u00e9s porcel\u00e1n restaur\u00e1ci\u00f3k al\u00e1b\u00e9lel\u00e9s\u00e9re.<\/p>\n<p><strong>F\u0151bb jellemz\u0151k<\/strong><\/p>\n<ul>\n<li>Kompenz\u00e1lja a t\u00f6m\u00e9s zsugorod\u00e1s\u00e1t.<\/li>\n<li>V\u00e9di a pulp\u00e1t \u00e9s megakad\u00e1lyozza a posztoperat\u00edv \u00e9rz\u00e9kenys\u00e9get.<\/li>\n<li>Megakad\u00e1lyozza a reped\u00e9sek kialakul\u00e1s\u00e1t.<\/li>\n<li>Minimaliz\u00e1lja a mikrot\u00f6r\u00e9sek \u00e9s a m\u00e1sodlagos fogszuvasod\u00e1s kialakul\u00e1s\u00e1t.<\/li>\n<li>Fokozott dentintapad\u00e1s a speci\u00e1lisan kifejlesztett \u00f6sszet\u00e9telnek k\u00f6sz\u00f6nhet\u0151en.<\/li>\n<li>Mindk\u00e9t m\u00f3don haszn\u00e1lhat\u00f3: hagyom\u00e1nyos al\u00e1b\u00e9lel\u0151k\u00e9nt (az \u00fcreg alj\u00e1nak bevon\u00e1s\u00e1ra) vagy a teljes \u00fcreg bevon\u00e1s\u00e1ra (fesz\u00fclts\u00e9gold\u00f3 funkci\u00f3).<\/li>\n<li>Gyors \u00e9s hat\u00e9kony felvitel, mind\u00f6ssze 20 m\u00e1sodperces k\u00f6t\u00e9si id\u0151vel.<\/li>\n<\/ul>\n","protected":false},"excerpt":{"rendered":"<p>Az i-LINER egy fejlett, f\u00e9nyrek\u00f6t\u0151 kompomer al\u00e1b\u00e9lel\u0151, amelyet a t\u00f6m\u00e9sek tart\u00f3ss\u00e1g\u00e1nak n\u00f6vel\u00e9s\u00e9re terveztek. Polisavval m\u00f3dos\u00edtott kompozit gyanta \u00e9s \u00fcvegionomer t\u00f6lt\u0151anyag formul\u00e1ja er\u0151s tapad\u00e1st biztos\u00edt a dentinhez, mik\u00f6zben cs\u00f6kkenti a kompozit anyagok zsugorod\u00e1s\u00e1t.<\/p>\n","protected":false},"featured_media":8462,"comment_status":"open","ping_status":"closed","template":"","meta":{"inline_featured_image":false},"product_brand":[88],"product_cat":[127,263],"product_tag":[129,128],"class_list":{"0":"post-8459","1":"product","2":"type-product","3":"status-publish","4":"has-post-thumbnail","6":"product_brand-i-dental","7":"product_cat-alabelelok","8":"product_cat-tomeskeszites","9":"product_tag-alabelelo","10":"product_tag-kompomer","12":"first","13":"instock","14":"taxable","15":"shipping-taxable","16":"purchasable","17":"product-type-variable"},"_links":{"self":[{"href":"https:\/\/prodental.hu\/shop\/wp-json\/wp\/v2\/product\/8459","targetHints":{"allow":["GET"]}}],"collection":[{"href":"https:\/\/prodental.hu\/shop\/wp-json\/wp\/v2\/product"}],"about":[{"href":"https:\/\/prodental.hu\/shop\/wp-json\/wp\/v2\/types\/product"}],"replies":[{"embeddable":true,"href":"https:\/\/prodental.hu\/shop\/wp-json\/wp\/v2\/comments?post=8459"}],"wp:featuredmedia":[{"embeddable":true,"href":"https:\/\/prodental.hu\/shop\/wp-json\/wp\/v2\/media\/8462"}],"wp:attachment":[{"href":"https:\/\/prodental.hu\/shop\/wp-json\/wp\/v2\/media?parent=8459"}],"wp:term":[{"taxonomy":"product_brand","embeddable":true,"href":"https:\/\/prodental.hu\/shop\/wp-json\/wp\/v2\/product_brand?post=8459"},{"taxonomy":"product_cat","embeddable":true,"href":"https:\/\/prodental.hu\/shop\/wp-json\/wp\/v2\/product_cat?post=8459"},{"taxonomy":"product_tag","embeddable":true,"href":"https:\/\/prodental.hu\/shop\/wp-json\/wp\/v2\/product_tag?post=8459"}],"curies":[{"name":"wp","href":"https:\/\/api.w.org\/{rel}","templated":true}]}}