{"id":8379,"date":"2025-07-28T01:46:01","date_gmt":"2025-07-28T01:46:01","guid":{"rendered":"https:\/\/prodental.hu\/shop\/?post_type=product&#038;p=8379"},"modified":"2025-07-28T01:46:01","modified_gmt":"2025-07-28T01:46:01","slug":"i-seal-lc-barazdazaro","status":"publish","type":"product","link":"https:\/\/prodental.hu\/shop\/product\/i-seal-lc-barazdazaro\/","title":{"rendered":"i-SEAL LC \u2013 bar\u00e1zdaz\u00e1r\u00f3"},"content":{"rendered":"<p><strong>i-SEAL LC \u2013 bar\u00e1zdaz\u00e1r\u00f3<\/strong><\/p>\n<p>Az i-SEAL egy biokompatibilis, nem \u00e1tl\u00e1tsz\u00f3 bar\u00e1zdaz\u00e1r\u00f3 anyag a g\u00f6dr\u00f6k \u00e9s bar\u00e1zd\u00e1k prec\u00edz lez\u00e1r\u00e1s\u00e1hoz. Foly\u00e9kony \u00e1llaga \u00e9s id\u0151takar\u00e9kos, 20 m\u00e1sodperces megvil\u00e1g\u00edt\u00e1si ideje tart\u00f3s v\u00e9d\u0151r\u00e9teget biztos\u00edt a fogak felsz\u00edn\u00e9n. Kifejezetten a korai \u00e9s megb\u00edzhat\u00f3 fogszuvasod\u00e1s megel\u0151z\u00e9s\u00e9re, az optim\u00e1lis sz\u00e1jhigi\u00e9nia t\u00e1mogat\u00e1s\u00e1ra szolg\u00e1l a fiatal fogak felsz\u00edn\u00e9nek felt\u00f6lt\u00e9s\u00e9vel, a bakt\u00e9riumok \u00e9s \u00e9telmarad\u00e9kok felhalmoz\u00f3d\u00e1s\u00e1t el\u0151seg\u00edt\u0151 ter\u00fcletek cs\u00f6kkent\u00e9s\u00e9vel.<\/p>\n<p><strong>Indik\u00e1ci\u00f3k<\/strong><\/p>\n<ul>\n<li>Kisebb g\u00f6dr\u00f6k \u00e9s reped\u00e9sek t\u00f6m\u00edt\u00e9s\u00e9re.<\/li>\n<\/ul>\n<p><strong>F\u0151bb jellemz\u0151k<\/strong><\/p>\n<ul>\n<li>Az alkalmaz\u00e1s folyamata egyszer\u0171, f\u00e1jdalommentes \u00e9s nem invaz\u00edv.<\/li>\n<li>Seg\u00edt meg\u0151rizni a term\u00e9szetes fogszerkezetet az\u00e1ltal, hogy lez\u00e1rja a g\u00f6dr\u00f6ket \u00e9s bar\u00e1zd\u00e1kat a zom\u00e1nc felesleges elt\u00e1vol\u00edt\u00e1sa n\u00e9lk\u00fcl.<\/li>\n<li>K\u00f6lts\u00e9ghat\u00e9kony korai fogszuvasod\u00e1s-kezel\u00e9si m\u00f3dszer fogszuvasod\u00e1sra hajlamos egy\u00e9nek sz\u00e1m\u00e1ra.<\/li>\n<li>Kiv\u00e1l\u00f3an foly\u00f3 \u00e1llag a prec\u00edz felvitel \u00e9s a teljes fed\u00e9s \u00e9rdek\u00e9ben.<\/li>\n<li>Az er\u0151s tapad\u00e1s a zom\u00e1nchoz tart\u00f3s \u00e9s megb\u00edzhat\u00f3 v\u00e9delmet biztos\u00edt.<\/li>\n<li>Az \u00e1tl\u00e1tszatlan feh\u00e9r anyag kiv\u00e1l\u00f3 vizu\u00e1lis kontrollt biztos\u00edt a felvitel sor\u00e1n.<\/li>\n<li>K\u00f6t\u00e9s ut\u00e1n meg\u0151rzi a term\u00e9szetes fogak megjelen\u00e9s\u00e9t, mik\u00f6zben v\u00e9di a fogakat.<\/li>\n<li>Jav\u00edtja a fogak eszt\u00e9tik\u00e1j\u00e1t, mik\u00f6zben meg\u0151rzi a fogak funkci\u00f3j\u00e1t.<\/li>\n<li>A 20 m\u00e1sodperces megvil\u00e1g\u00edt\u00e1si id\u0151 hat\u00e9kony munkafolyamatot biztos\u00edt.<\/li>\n<li>Bioinert \u00f6sszet\u00e9tel, amely mentes a reakt\u00edv anyagokt\u00f3l, garant\u00e1lva a beteg biztons\u00e1g\u00e1t.<\/li>\n<li>Hat\u00e9kony t\u00f6m\u00edt\u0151hat\u00e1ssal megel\u0151zi a fogszuvasod\u00e1st a magas kock\u00e1zat\u00fa zom\u00e1ncter\u00fcleteken.<\/li>\n<\/ul>\n","protected":false},"excerpt":{"rendered":"<p>Az i-SEAL egy biokompatibilis, nem \u00e1tl\u00e1tsz\u00f3 bar\u00e1zdaz\u00e1r\u00f3 anyag a g\u00f6dr\u00f6k \u00e9s bar\u00e1zd\u00e1k prec\u00edz lez\u00e1r\u00e1s\u00e1hoz. Foly\u00e9kony \u00e1llaga \u00e9s id\u0151takar\u00e9kos, 20 m\u00e1sodperces megvil\u00e1g\u00edt\u00e1si ideje tart\u00f3s v\u00e9d\u0151r\u00e9teget biztos\u00edt a fogak felsz\u00edn\u00e9n. Kifejezetten a korai \u00e9s megb\u00edzhat\u00f3 fogszuvasod\u00e1s megel\u0151z\u00e9s\u00e9re, az optim\u00e1lis sz\u00e1jhigi\u00e9nia t\u00e1mogat\u00e1s\u00e1ra szolg\u00e1l a fiatal fogak felsz\u00edn\u00e9nek felt\u00f6lt\u00e9s\u00e9vel, a bakt\u00e9riumok \u00e9s \u00e9telmarad\u00e9kok felhalmoz\u00f3d\u00e1s\u00e1t el\u0151seg\u00edt\u0151 ter\u00fcletek cs\u00f6kkent\u00e9s\u00e9vel.<\/p>\n","protected":false},"featured_media":8380,"comment_status":"open","ping_status":"closed","template":"","meta":{"inline_featured_image":false},"product_brand":[88],"product_cat":[89],"product_tag":[125],"class_list":{"0":"post-8379","1":"product","2":"type-product","3":"status-publish","4":"has-post-thumbnail","6":"product_brand-i-dental","7":"product_cat-profilaxis","8":"product_tag-barazdazaro","10":"first","11":"instock","12":"taxable","13":"shipping-taxable","14":"purchasable","15":"product-type-variable"},"_links":{"self":[{"href":"https:\/\/prodental.hu\/shop\/wp-json\/wp\/v2\/product\/8379","targetHints":{"allow":["GET"]}}],"collection":[{"href":"https:\/\/prodental.hu\/shop\/wp-json\/wp\/v2\/product"}],"about":[{"href":"https:\/\/prodental.hu\/shop\/wp-json\/wp\/v2\/types\/product"}],"replies":[{"embeddable":true,"href":"https:\/\/prodental.hu\/shop\/wp-json\/wp\/v2\/comments?post=8379"}],"wp:featuredmedia":[{"embeddable":true,"href":"https:\/\/prodental.hu\/shop\/wp-json\/wp\/v2\/media\/8380"}],"wp:attachment":[{"href":"https:\/\/prodental.hu\/shop\/wp-json\/wp\/v2\/media?parent=8379"}],"wp:term":[{"taxonomy":"product_brand","embeddable":true,"href":"https:\/\/prodental.hu\/shop\/wp-json\/wp\/v2\/product_brand?post=8379"},{"taxonomy":"product_cat","embeddable":true,"href":"https:\/\/prodental.hu\/shop\/wp-json\/wp\/v2\/product_cat?post=8379"},{"taxonomy":"product_tag","embeddable":true,"href":"https:\/\/prodental.hu\/shop\/wp-json\/wp\/v2\/product_tag?post=8379"}],"curies":[{"name":"wp","href":"https:\/\/api.w.org\/{rel}","templated":true}]}}

i-SEAL LC – barázdazáró

<p><strong>i-SEAL LC – barázdazáró</strong></p>
<p>Az i-SEAL egy biokompatibilis, nem átlátszó barázdazáró anyag a gödrök és barázdák precíz lezárásához. Folyékony állaga és időtakarékos, 20 másodperces megvilágítási ideje tartós védőréteget biztosít a fogak felszínén. Kifejezetten a korai és megbízható fogszuvasodás megelőzésére, az optimális szájhigiénia támogatására szolgál a fiatal fogak felszínének feltöltésével, a baktériumok és ételmaradékok felhalmozódását elősegítő területek csökkentésével.</p>
<p><strong>Indikációk</strong></p>
<ul>
<li>Kisebb gödrök és repedések tömítésére.</li>
</ul>
<p><strong>Főbb jellemzők</strong></p>
<ul>
<li>Az alkalmazás folyamata egyszerű, fájdalommentes és nem invazív.</li>
<li>Segít megőrizni a természetes fogszerkezetet azáltal, hogy lezárja a gödröket és barázdákat a zománc felesleges eltávolítása nélkül.</li>
<li>Költséghatékony korai fogszuvasodás-kezelési módszer fogszuvasodásra hajlamos egyének számára.</li>
<li>Kiválóan folyó állag a precíz felvitel és a teljes fedés érdekében.</li>
<li>Az erős tapadás a zománchoz tartós és megbízható védelmet biztosít.</li>
<li>Az átlátszatlan fehér anyag kiváló vizuális kontrollt biztosít a felvitel során.</li>
<li>Kötés után megőrzi a természetes fogak megjelenését, miközben védi a fogakat.</li>
<li>Javítja a fogak esztétikáját, miközben megőrzi a fogak funkcióját.</li>
<li>A 20 másodperces megvilágítási idő hatékony munkafolyamatot biztosít.</li>
<li>Bioinert összetétel, amely mentes a reaktív anyagoktól, garantálva a beteg biztonságát.</li>
<li>Hatékony tömítőhatással megelőzi a fogszuvasodást a magas kockázatú zománcterületeken.</li>
</ul>

<p>Az i-SEAL egy biokompatibilis, nem átlátszó barázdazáró anyag a gödrök és barázdák precíz lezárásához. Folyékony állaga és időtakarékos, 20 másodperces megvilágítási ideje tartós védőréteget biztosít a fogak felszínén. Kifejezetten a korai és megbízható fogszuvasodás megelőzésére, az optimális szájhigiénia támogatására szolgál a fiatal fogak felszínének feltöltésével, a baktériumok és ételmaradékok felhalmozódását elősegítő területek csökkentésével.</p>
