{"id":8364,"date":"2025-07-28T01:14:29","date_gmt":"2025-07-28T01:14:29","guid":{"rendered":"https:\/\/prodental.hu\/shop\/?post_type=product&#038;p=8364"},"modified":"2025-11-14T21:14:52","modified_gmt":"2025-11-14T21:14:52","slug":"i-block-fenyrekoto-blokkolo-modellgyanta","status":"publish","type":"product","link":"https:\/\/prodental.hu\/shop\/product\/i-block-fenyrekoto-blokkolo-modellgyanta\/","title":{"rendered":"i-BLOCK \u2013 f\u00e9nyrek\u00f6t\u0151 blokkol\u00f3 modellgyanta"},"content":{"rendered":"<p><strong>i-BLOCK \u2013 f\u00e9nyrek\u00f6t\u0151 blokkol\u00f3 modellgyanta<\/strong><\/p>\n<p>Az i-BLOCK egy metakril\u00e1t alap\u00fa f\u00e9nyre k\u00f6t\u0151 anyag, amelyet feh\u00e9r\u00edt\u0151s\u00ednekben helyfenntart\u00e1s l\u00e9trehoz\u00e1s\u00e1ra, gipszmodellek jav\u00edt\u00e1s\u00e1ra \u00e9s egy\u00e9b laborat\u00f3riumi alkalmaz\u00e1sokhoz terveztek. Sokoldal\u00fa \u00f6sszet\u00e9tele megb\u00edzhat\u00f3 teljes\u00edtm\u00e9nyt biztos\u00edt a k\u00fcl\u00f6nf\u00e9le fog\u00e1szati \u200b\u200blaborat\u00f3riumi elj\u00e1r\u00e1sok sor\u00e1n.<\/p>\n<p><strong>Indik\u00e1ci\u00f3k<\/strong><\/p>\n<ul>\n<li>Helyfenntart\u00f3 kialak\u00edt\u00e1s\u00e1hoz a feh\u00e9r\u00edt\u0151s\u00ednekben.<\/li>\n<li>Gipszmodellek jav\u00edt\u00e1sokhoz.<\/li>\n<li>Egy\u00e9b laborat\u00f3riumi elj\u00e1r\u00e1sok.<\/li>\n<\/ul>\n<p><strong>F\u0151bb jellemz\u0151k<\/strong><\/p>\n<ul>\n<li>Egy\u00e9ni s\u00ednekben helyfenntart\u00f3 k\u00e9sz\u00edt\u00e9s\u00e9re \u00e9s gipszmodellek jav\u00edt\u00e1s\u00e1ra alkalmas.<\/li>\n<li>Kontroll\u00e1lt felvitelt biztos\u00edt, r\u00e9tegenk\u00e9nt maximum 3 mm vastags\u00e1gban.<\/li>\n<li>10-20 m\u00e1sodpercen bel\u00fcl f\u00e9nyre kem\u00e9nyedik a hat\u00e9kony munkafolyamatok \u00e9rdek\u00e9ben.<\/li>\n<li>K\u00f6nnyen haszn\u00e1lhat\u00f3 a hozz\u00e1 val\u00f3 tipekkel a prec\u00edz felvitelhez.<\/li>\n<\/ul>\n","protected":false},"excerpt":{"rendered":"<p>Az i-BLOCK egy metakril\u00e1t alap\u00fa f\u00e9nyre k\u00f6t\u0151 anyag, amelyet feh\u00e9r\u00edt\u0151s\u00ednekben helyfenntart\u00e1s l\u00e9trehoz\u00e1s\u00e1ra, gipszmodellek jav\u00edt\u00e1s\u00e1ra \u00e9s egy\u00e9b laborat\u00f3riumi alkalmaz\u00e1sokhoz terveztek. Sokoldal\u00fa \u00f6sszet\u00e9tele megb\u00edzhat\u00f3 teljes\u00edtm\u00e9nyt biztos\u00edt a k\u00fcl\u00f6nf\u00e9le fog\u00e1szati \u200b\u200blaborat\u00f3riumi elj\u00e1r\u00e1sok sor\u00e1n.<\/p>\n","protected":false},"featured_media":8367,"comment_status":"open","ping_status":"closed","template":"","meta":{"inline_featured_image":false},"product_brand":[88],"product_cat":[215],"product_tag":[111,113,112],"class_list":{"0":"post-8364","1":"product","2":"type-product","3":"status-publish","4":"has-post-thumbnail","6":"product_brand-i-dental","7":"product_cat-kiegeszitok","8":"product_tag-blokkolo","9":"product_tag-i-block","10":"product_tag-modellgyanta","12":"first","13":"instock","14":"taxable","15":"shipping-taxable","16":"purchasable","17":"product-type-variable"},"_links":{"self":[{"href":"https:\/\/prodental.hu\/shop\/wp-json\/wp\/v2\/product\/8364","targetHints":{"allow":["GET"]}}],"collection":[{"href":"https:\/\/prodental.hu\/shop\/wp-json\/wp\/v2\/product"}],"about":[{"href":"https:\/\/prodental.hu\/shop\/wp-json\/wp\/v2\/types\/product"}],"replies":[{"embeddable":true,"href":"https:\/\/prodental.hu\/shop\/wp-json\/wp\/v2\/comments?post=8364"}],"wp:featuredmedia":[{"embeddable":true,"href":"https:\/\/prodental.hu\/shop\/wp-json\/wp\/v2\/media\/8367"}],"wp:attachment":[{"href":"https:\/\/prodental.hu\/shop\/wp-json\/wp\/v2\/media?parent=8364"}],"wp:term":[{"taxonomy":"product_brand","embeddable":true,"href":"https:\/\/prodental.hu\/shop\/wp-json\/wp\/v2\/product_brand?post=8364"},{"taxonomy":"product_cat","embeddable":true,"href":"https:\/\/prodental.hu\/shop\/wp-json\/wp\/v2\/product_cat?post=8364"},{"taxonomy":"product_tag","embeddable":true,"href":"https:\/\/prodental.hu\/shop\/wp-json\/wp\/v2\/product_tag?post=8364"}],"curies":[{"name":"wp","href":"https:\/\/api.w.org\/{rel}","templated":true}]}}