{"id":12235,"date":"2025-11-22T14:46:34","date_gmt":"2025-11-22T14:46:34","guid":{"rendered":"https:\/\/prodental.hu\/shop\/?post_type=product&#038;p=12235"},"modified":"2025-11-22T14:48:31","modified_gmt":"2025-11-22T14:48:31","slug":"palodent-v3-ekek","status":"publish","type":"product","link":"https:\/\/prodental.hu\/shop\/product\/palodent-v3-ekek\/","title":{"rendered":"PALODENT V3 \u00c9KEK"},"content":{"rendered":"","protected":false},"excerpt":{"rendered":"<p>Az anat\u00f3miailag kialak\u00edtott \u00e9kek (kicsi, k\u00f6zepes, nagy) izol\u00e1l\u00e1sra haszn\u00e1lhat\u00f3k, nem pedig szepar\u00e1l\u00e1sra.<\/p>\n<p>Kiszerel\u00e9s: 100 db<\/p>\n","protected":false},"featured_media":12192,"comment_status":"open","ping_status":"closed","template":"","meta":{"inline_featured_image":false},"product_brand":[222],"product_cat":[264,263],"product_tag":[],"class_list":{"0":"post-12235","1":"product","2":"type-product","3":"status-publish","4":"has-post-thumbnail","6":"product_brand-dentsply-sirona","7":"product_cat-kiegeszitok-tomeshez","8":"product_cat-tomeskeszites","10":"first","11":"instock","12":"taxable","13":"shipping-taxable","14":"purchasable","15":"product-type-variable"},"_links":{"self":[{"href":"https:\/\/prodental.hu\/shop\/wp-json\/wp\/v2\/product\/12235","targetHints":{"allow":["GET"]}}],"collection":[{"href":"https:\/\/prodental.hu\/shop\/wp-json\/wp\/v2\/product"}],"about":[{"href":"https:\/\/prodental.hu\/shop\/wp-json\/wp\/v2\/types\/product"}],"replies":[{"embeddable":true,"href":"https:\/\/prodental.hu\/shop\/wp-json\/wp\/v2\/comments?post=12235"}],"wp:featuredmedia":[{"embeddable":true,"href":"https:\/\/prodental.hu\/shop\/wp-json\/wp\/v2\/media\/12192"}],"wp:attachment":[{"href":"https:\/\/prodental.hu\/shop\/wp-json\/wp\/v2\/media?parent=12235"}],"wp:term":[{"taxonomy":"product_brand","embeddable":true,"href":"https:\/\/prodental.hu\/shop\/wp-json\/wp\/v2\/product_brand?post=12235"},{"taxonomy":"product_cat","embeddable":true,"href":"https:\/\/prodental.hu\/shop\/wp-json\/wp\/v2\/product_cat?post=12235"},{"taxonomy":"product_tag","embeddable":true,"href":"https:\/\/prodental.hu\/shop\/wp-json\/wp\/v2\/product_tag?post=12235"}],"curies":[{"name":"wp","href":"https:\/\/api.w.org\/{rel}","templated":true}]}}