{"id":12148,"date":"2025-11-22T09:51:08","date_gmt":"2025-11-22T09:51:08","guid":{"rendered":"https:\/\/prodental.hu\/shop\/?post_type=product&#038;p=12148"},"modified":"2025-11-22T09:51:08","modified_gmt":"2025-11-22T09:51:08","slug":"aquasil-bite-2-x-50-ml","status":"publish","type":"product","link":"https:\/\/prodental.hu\/shop\/product\/aquasil-bite-2-x-50-ml\/","title":{"rendered":"AQUASIL BITE (2 x 50 ml)"},"content":{"rendered":"","protected":false},"excerpt":{"rendered":"<p>Aquasil Bite A-szilikon technol\u00f3gi\u00e1n alapul\u00f3 harap\u00e1sregisztr\u00e1l\u00f3. Magas kem\u00e9nys\u00e9g\u0171, t\u00f6r\u00e9s\u00e1ll\u00f3.<\/p>\n<p>A csomag tartalma: 2&#215;50 ml, 12 db kever\u0151cs\u0151r.<\/p>\n","protected":false},"featured_media":12149,"comment_status":"open","ping_status":"closed","template":"","meta":{"inline_featured_image":false},"product_brand":[222],"product_cat":[271,273],"product_tag":[],"class_list":{"0":"post-12148","1":"product","2":"type-product","3":"status-publish","4":"has-post-thumbnail","6":"product_brand-dentsply-sirona","7":"product_cat-fogpotlas","8":"product_cat-lenyomatanyagok","10":"first","11":"instock","12":"taxable","13":"shipping-taxable","14":"purchasable","15":"product-type-simple"},"_links":{"self":[{"href":"https:\/\/prodental.hu\/shop\/wp-json\/wp\/v2\/product\/12148","targetHints":{"allow":["GET"]}}],"collection":[{"href":"https:\/\/prodental.hu\/shop\/wp-json\/wp\/v2\/product"}],"about":[{"href":"https:\/\/prodental.hu\/shop\/wp-json\/wp\/v2\/types\/product"}],"replies":[{"embeddable":true,"href":"https:\/\/prodental.hu\/shop\/wp-json\/wp\/v2\/comments?post=12148"}],"wp:featuredmedia":[{"embeddable":true,"href":"https:\/\/prodental.hu\/shop\/wp-json\/wp\/v2\/media\/12149"}],"wp:attachment":[{"href":"https:\/\/prodental.hu\/shop\/wp-json\/wp\/v2\/media?parent=12148"}],"wp:term":[{"taxonomy":"product_brand","embeddable":true,"href":"https:\/\/prodental.hu\/shop\/wp-json\/wp\/v2\/product_brand?post=12148"},{"taxonomy":"product_cat","embeddable":true,"href":"https:\/\/prodental.hu\/shop\/wp-json\/wp\/v2\/product_cat?post=12148"},{"taxonomy":"product_tag","embeddable":true,"href":"https:\/\/prodental.hu\/shop\/wp-json\/wp\/v2\/product_tag?post=12148"}],"curies":[{"name":"wp","href":"https:\/\/api.w.org\/{rel}","templated":true}]}}