{"id":12143,"date":"2025-11-22T09:33:05","date_gmt":"2025-11-22T09:33:05","guid":{"rendered":"https:\/\/prodental.hu\/shop\/?post_type=product&#038;p=12143"},"modified":"2025-11-22T09:36:13","modified_gmt":"2025-11-22T09:36:13","slug":"aquasil-ultra-heavy-deca-2-x-380-ml","status":"publish","type":"product","link":"https:\/\/prodental.hu\/shop\/product\/aquasil-ultra-heavy-deca-2-x-380-ml\/","title":{"rendered":"AQUASIL ULTRA+ HEAVY DECA (2 X 380 ml)"},"content":{"rendered":"","protected":false},"excerpt":{"rendered":"<p>Az Aquasil ultra+ A szilikon lenyomatanyag a piacon el\u00e9rhet\u0151 legmagasabb hidrofilit\u00e1st biztos\u00edtja a legextr\u00e9mebb intraor\u00e1lis k\u00f6r\u00fclm\u00e9nyek k\u00f6z\u00f6tt is.<\/p>\n<p>Kis kontaksz\u00f6ge seg\u00edti a pontos lenyomatv\u00e9telt, term\u00e9szetes nedvess\u00e9gtartalom mellett is, \u00edgy a prepar\u00e1lt fog\/fogcsonk t\u00falsz\u00e1r\u00edt\u00e1sa elker\u00fclhet\u0151.<\/p>\n<p>Nagy kem\u00e9nys\u00e9g\u0171,<\/p>\n<p>Nagy szak\u00edt\u00f3szil\u00e1rds\u00e1ggal \u00e9s extra dimenzi\u00f3 stabilit\u00e1ssal rendelkezik,.<\/p>\n<p>Kiv\u00e1l\u00f3 nedvess\u00e9gt\u0171r\u0151 k\u00e9pess\u00e9g\u0171<\/p>\n<p>A Regular (Norm\u00e1l) kiszerel\u00e9s k\u00f6t\u00e9si ideje, elegend\u0151 \u00edd\u0151t biztos\u00edt a bonyolultabb esetek lemint\u00e1z\u00e1s\u00e1hoz is.<\/p>\n<p>Kiszerel\u00e9s 2x380ml<\/p>\n","protected":false},"featured_media":12144,"comment_status":"open","ping_status":"closed","template":"","meta":{"inline_featured_image":false},"product_brand":[222],"product_cat":[271,273],"product_tag":[],"class_list":{"0":"post-12143","1":"product","2":"type-product","3":"status-publish","4":"has-post-thumbnail","6":"product_brand-dentsply-sirona","7":"product_cat-fogpotlas","8":"product_cat-lenyomatanyagok","10":"first","11":"instock","12":"taxable","13":"shipping-taxable","14":"purchasable","15":"product-type-variable"},"_links":{"self":[{"href":"https:\/\/prodental.hu\/shop\/wp-json\/wp\/v2\/product\/12143","targetHints":{"allow":["GET"]}}],"collection":[{"href":"https:\/\/prodental.hu\/shop\/wp-json\/wp\/v2\/product"}],"about":[{"href":"https:\/\/prodental.hu\/shop\/wp-json\/wp\/v2\/types\/product"}],"replies":[{"embeddable":true,"href":"https:\/\/prodental.hu\/shop\/wp-json\/wp\/v2\/comments?post=12143"}],"wp:featuredmedia":[{"embeddable":true,"href":"https:\/\/prodental.hu\/shop\/wp-json\/wp\/v2\/media\/12144"}],"wp:attachment":[{"href":"https:\/\/prodental.hu\/shop\/wp-json\/wp\/v2\/media?parent=12143"}],"wp:term":[{"taxonomy":"product_brand","embeddable":true,"href":"https:\/\/prodental.hu\/shop\/wp-json\/wp\/v2\/product_brand?post=12143"},{"taxonomy":"product_cat","embeddable":true,"href":"https:\/\/prodental.hu\/shop\/wp-json\/wp\/v2\/product_cat?post=12143"},{"taxonomy":"product_tag","embeddable":true,"href":"https:\/\/prodental.hu\/shop\/wp-json\/wp\/v2\/product_tag?post=12143"}],"curies":[{"name":"wp","href":"https:\/\/api.w.org\/{rel}","templated":true}]}}