{"id":12021,"date":"2025-11-12T14:04:59","date_gmt":"2025-11-12T14:04:59","guid":{"rendered":"https:\/\/prodental.hu\/shop\/?post_type=product&#038;p=12021"},"modified":"2025-11-13T11:09:03","modified_gmt":"2025-11-13T11:09:03","slug":"pola-whitening-stand","status":"publish","type":"product","link":"https:\/\/prodental.hu\/shop\/product\/pola-whitening-stand\/","title":{"rendered":"POLA WHITENING STAND"},"content":{"rendered":"","protected":false},"excerpt":{"rendered":"<p>\u00c1llv\u00e1ny fogfeh\u00e9r\u00edt\u0151 l\u00e1mp\u00e1hoz.<\/p>\n<p>&#8211; Praktikus tervez\u00e9s<br \/>\n&#8211; Rendk\u00edv\u00fcl stabil, k\u00f6nnyen mozgathat\u00f3.<br \/>\n&#8211; Egyar\u00e1nt haszn\u00e1lhat\u00f3 Radii Plus \u00e9s Radii Xpert l\u00e1mp\u00e1khoz<\/p>\n","protected":false},"featured_media":12017,"comment_status":"open","ping_status":"closed","template":"","meta":{"inline_featured_image":false},"product_brand":[217],"product_cat":[98,215,219],"product_tag":[],"class_list":{"0":"post-12021","1":"product","2":"type-product","3":"status-publish","4":"has-post-thumbnail","6":"product_brand-sdi","7":"product_cat-fogfeherites","8":"product_cat-kiegeszitok","9":"product_cat-polimerizacios-lampa-kisgepek","11":"first","12":"instock","13":"taxable","14":"shipping-taxable","15":"purchasable","16":"product-type-simple"},"_links":{"self":[{"href":"https:\/\/prodental.hu\/shop\/wp-json\/wp\/v2\/product\/12021","targetHints":{"allow":["GET"]}}],"collection":[{"href":"https:\/\/prodental.hu\/shop\/wp-json\/wp\/v2\/product"}],"about":[{"href":"https:\/\/prodental.hu\/shop\/wp-json\/wp\/v2\/types\/product"}],"replies":[{"embeddable":true,"href":"https:\/\/prodental.hu\/shop\/wp-json\/wp\/v2\/comments?post=12021"}],"wp:featuredmedia":[{"embeddable":true,"href":"https:\/\/prodental.hu\/shop\/wp-json\/wp\/v2\/media\/12017"}],"wp:attachment":[{"href":"https:\/\/prodental.hu\/shop\/wp-json\/wp\/v2\/media?parent=12021"}],"wp:term":[{"taxonomy":"product_brand","embeddable":true,"href":"https:\/\/prodental.hu\/shop\/wp-json\/wp\/v2\/product_brand?post=12021"},{"taxonomy":"product_cat","embeddable":true,"href":"https:\/\/prodental.hu\/shop\/wp-json\/wp\/v2\/product_cat?post=12021"},{"taxonomy":"product_tag","embeddable":true,"href":"https:\/\/prodental.hu\/shop\/wp-json\/wp\/v2\/product_tag?post=12021"}],"curies":[{"name":"wp","href":"https:\/\/api.w.org\/{rel}","templated":true}]}}