{"id":11772,"date":"2025-11-02T17:36:16","date_gmt":"2025-11-02T17:36:16","guid":{"rendered":"https:\/\/prodental.hu\/shop\/?post_type=product&#038;p=11772"},"modified":"2025-11-02T17:36:16","modified_gmt":"2025-11-02T17:36:16","slug":"rq6-polimerizacios-lampa","status":"publish","type":"product","link":"https:\/\/prodental.hu\/shop\/product\/rq6-polimerizacios-lampa\/","title":{"rendered":"RQ6 polimeriz\u00e1ci\u00f3s l\u00e1mpa"},"content":{"rendered":"","protected":false},"excerpt":{"rendered":"<p>Led f\u00e9ny hull\u00e1mhossza: 385-515 nm<br \/>\n4 el\u00e9rhet\u0151 \u00fczemm\u00f3d:<br \/>\n\u25c6Turbo: 2300-2500 mW\/c\u33a1 1, 3 m\u00e1sodpercig<br \/>\n\u25c6Full: 1000-1200 mW\/c\u33a1 3, 5, 10 m\u00e1sodpercig<br \/>\n\u25c6Ramp: A polimeriz\u00e1ci\u00f3s id\u0151 els\u0151 1\/3-a 0-r\u00f3l 1200 mW\/c\u33a1-re, a fennmarad\u00f3 id\u0151 1000-1200 mW\/c\u33a1<br \/>\n\u25c6Pulse: 1000-1200 mW\/c\u33a1 3, 5, 10 m\u00e1sodpercig<\/p>\n<p>1. Sz\u00e9les spektrum\u00fa k\u00e9k-ibolya LED f\u00e9nyforr\u00e1s.<\/p>\n<p>2. Az emisszi\u00f3s hull\u00e1mhossz 385 nm \u00e9s 515 nm k\u00f6z\u00f6tt mozog.<\/p>\n<p>3. Mindenf\u00e9le fog\u00e1szati \u200b\u200bm\u0171gyanta polimeriz\u00e1ci\u00f3ja 1 m\u00e1sodperc alatt.<\/p>\n<p>4. Ultrav\u00e9kony, 8,6 mm-es f\u00e9mfej. K\u00f6nny\u0171 hozz\u00e1f\u00e9r\u00e9s az \u0151rl\u0151fogak ter\u00fclet\u00e9hez, ami jelent\u0151sen jav\u00edtja a p\u00e1ciens k\u00e9nyelm\u00e9t.<\/p>\n","protected":false},"featured_media":11289,"comment_status":"open","ping_status":"closed","template":"","meta":{"inline_featured_image":false},"product_brand":[225],"product_cat":[219],"product_tag":[],"class_list":{"0":"post-11772","1":"product","2":"type-product","3":"status-publish","4":"has-post-thumbnail","6":"product_brand-rogin-dental","7":"product_cat-polimerizacios-lampa-kisgepek","9":"first","10":"instock","11":"taxable","12":"shipping-taxable","13":"purchasable","14":"product-type-simple"},"_links":{"self":[{"href":"https:\/\/prodental.hu\/shop\/wp-json\/wp\/v2\/product\/11772","targetHints":{"allow":["GET"]}}],"collection":[{"href":"https:\/\/prodental.hu\/shop\/wp-json\/wp\/v2\/product"}],"about":[{"href":"https:\/\/prodental.hu\/shop\/wp-json\/wp\/v2\/types\/product"}],"replies":[{"embeddable":true,"href":"https:\/\/prodental.hu\/shop\/wp-json\/wp\/v2\/comments?post=11772"}],"wp:featuredmedia":[{"embeddable":true,"href":"https:\/\/prodental.hu\/shop\/wp-json\/wp\/v2\/media\/11289"}],"wp:attachment":[{"href":"https:\/\/prodental.hu\/shop\/wp-json\/wp\/v2\/media?parent=11772"}],"wp:term":[{"taxonomy":"product_brand","embeddable":true,"href":"https:\/\/prodental.hu\/shop\/wp-json\/wp\/v2\/product_brand?post=11772"},{"taxonomy":"product_cat","embeddable":true,"href":"https:\/\/prodental.hu\/shop\/wp-json\/wp\/v2\/product_cat?post=11772"},{"taxonomy":"product_tag","embeddable":true,"href":"https:\/\/prodental.hu\/shop\/wp-json\/wp\/v2\/product_tag?post=11772"}],"curies":[{"name":"wp","href":"https:\/\/api.w.org\/{rel}","templated":true}]}}