{"id":11632,"date":"2025-10-26T21:31:09","date_gmt":"2025-10-26T21:31:09","guid":{"rendered":"https:\/\/prodental.hu\/shop\/?post_type=product&#038;p=11632"},"modified":"2025-10-30T17:15:59","modified_gmt":"2025-10-30T17:15:59","slug":"sup-taper-files-gold","status":"publish","type":"product","link":"https:\/\/prodental.hu\/shop\/product\/sup-taper-files-gold\/","title":{"rendered":"Sup-Taper Files &#8211; Gold"},"content":{"rendered":"","protected":false},"excerpt":{"rendered":"<p>A Sup-Taper Gold rendszer file-kioszt\u00e1sa megegyezik a Protaper Gold rendszer\u00e9vel.<\/p>\n<p>Klasszikus, Crown-Down file-rendszer, amelyben a fogorvosok vil\u00e1gszerte megb\u00edznak.<br \/>\nMegnyit\u00e1s, form\u00e1z\u00e1s \u00e9s v\u00e9gs\u0151 kialak\u00edt\u00e1s l\u00e9p\u00e9sr\u0151l l\u00e9p\u00e9sre a t\u00f6k\u00e9letes gy\u00f6k\u00e9rcsatorna-el\u0151k\u00e9sz\u00edt\u00e9s\u00e9rt.<br \/>\nA v\u00e1ltoz\u00f3 konicit\u00e1s\u00fa file-ok meg\u0151rzik a gy\u00f6k\u00e9rcsatorna anat\u00f3mi\u00e1j\u00e1t, a nagyobb konicit\u00e1s\u00fa befejez\u0151 file-ok biztos\u00edtj\u00e1k a megfelel\u0151 gy\u00f6k\u00e9rcsatorna-el\u0151k\u00e9sz\u00edt\u00e9st.<\/p>\n<p>A Gold h\u0151kezel\u00e9s kit\u0171n\u0151 v\u00e1g\u00e1si tulajdons\u00e1gokat biztos\u00edt.<\/p>\n","protected":false},"featured_media":11665,"comment_status":"open","ping_status":"closed","template":"","meta":{"inline_featured_image":false},"product_brand":[225],"product_cat":[138,239],"product_tag":[250,256],"class_list":{"0":"post-11632","1":"product","2":"type-product","3":"status-publish","4":"has-post-thumbnail","6":"product_brand-rogin-dental","7":"product_cat-endodoncia-gyokerkezeles","8":"product_cat-gepi-gyokertagitas","9":"product_tag-gepi-tagito","10":"product_tag-protaper-gold","12":"first","13":"instock","14":"taxable","15":"shipping-taxable","16":"purchasable","17":"product-type-variable"},"_links":{"self":[{"href":"https:\/\/prodental.hu\/shop\/wp-json\/wp\/v2\/product\/11632","targetHints":{"allow":["GET"]}}],"collection":[{"href":"https:\/\/prodental.hu\/shop\/wp-json\/wp\/v2\/product"}],"about":[{"href":"https:\/\/prodental.hu\/shop\/wp-json\/wp\/v2\/types\/product"}],"replies":[{"embeddable":true,"href":"https:\/\/prodental.hu\/shop\/wp-json\/wp\/v2\/comments?post=11632"}],"wp:featuredmedia":[{"embeddable":true,"href":"https:\/\/prodental.hu\/shop\/wp-json\/wp\/v2\/media\/11665"}],"wp:attachment":[{"href":"https:\/\/prodental.hu\/shop\/wp-json\/wp\/v2\/media?parent=11632"}],"wp:term":[{"taxonomy":"product_brand","embeddable":true,"href":"https:\/\/prodental.hu\/shop\/wp-json\/wp\/v2\/product_brand?post=11632"},{"taxonomy":"product_cat","embeddable":true,"href":"https:\/\/prodental.hu\/shop\/wp-json\/wp\/v2\/product_cat?post=11632"},{"taxonomy":"product_tag","embeddable":true,"href":"https:\/\/prodental.hu\/shop\/wp-json\/wp\/v2\/product_tag?post=11632"}],"curies":[{"name":"wp","href":"https:\/\/api.w.org\/{rel}","templated":true}]}}