{"id":11575,"date":"2025-10-26T17:49:31","date_gmt":"2025-10-26T17:49:31","guid":{"rendered":"https:\/\/prodental.hu\/shop\/?post_type=product&#038;p=11575"},"modified":"2025-10-30T16:52:10","modified_gmt":"2025-10-30T16:52:10","slug":"ez-shaper-aurora","status":"publish","type":"product","link":"https:\/\/prodental.hu\/shop\/product\/ez-shaper-aurora\/","title":{"rendered":"EZ Shaper"},"content":{"rendered":"","protected":false},"excerpt":{"rendered":"<p>Az EZ-SHAPER c\u00e9lja, hogy \u00e1talak\u00edtsa az endodonciai elj\u00e1r\u00e1sokat az\u00e1ltal, hogy \u00f6tv\u00f6zi a k\u00f6nny\u0171 haszn\u00e1lhat\u00f3s\u00e1got, a hat\u00e9konys\u00e1got \u00e9s a konzervat\u00edv gy\u00f6k\u00e9rkezel\u00e9st.<\/p>\n<p>Az EZ-SHAPER egy Dr. Kalantar Motamedi \u00e1ltal tervezett 3-t\u0171s g\u00e9pi gy\u00f6k\u00e9rt\u00e1g\u00edt\u00f3 rendszer, amely \u00f6sszetett gy\u00f6k\u00e9rcsatorna-rendszerek megmunk\u00e1l\u00e1s\u00e1ra szolg\u00e1l, a<br \/>\nkonzervat\u00edv endodoncia alapelveit k\u00f6vetve.<br \/>\nEz az innovat\u00edv rendszer egyens\u00falyt teremt a v\u00e1g\u00e1si hat\u00e9konys\u00e1g \u00e9s a flexibilit\u00e1s k\u00f6z\u00f6tt, gyors \u00e9s megb\u00edzhat\u00f3 megold\u00e1st k\u00edn\u00e1lva a klinikusoknak a gy\u00f6k\u00e9rcsatorna felt\u00e1r\u00e1s\u00e1ra.<\/p>\n<p>Ez a rendszer t\u00f6bbf\u00e9le h\u0151kezel\u00e9si elj\u00e1r\u00e1ssal kezelt file-okat is tartalmaz.<\/p>\n<p>Az Aurora kivitel egy egyedi \u00e9s innovat\u00edv technol\u00f3gi\u00e1t jelent (a Blue \u00e9s a Gold h\u0151kezel\u00e9s \u00f6tv\u00f6z\u00e9se).<br \/>\nA Nano-Ti anyagbevonatnak k\u00f6sz\u00f6nhet\u0151en megjelen\u00e9se sarki f\u00e9nyhez hasonl\u00f3 sz\u00ednt k\u00f6lcs\u00f6n\u00f6z.<br \/>\nJelent\u0151sen jav\u00edtja a NITI g\u00e9pi t\u00e1g\u00edt\u00f3rendszerek k\u00fcl\u00f6nb\u00f6z\u0151 teljes\u00edtm\u00e9ny\u00e9t.<br \/>\n\u00d6tv\u00f6zi a kiv\u00e1l\u00f3 v\u00e1g\u00e1si tulajdons\u00e1got \u00e9s flexibilit\u00e1st, az \u00f6sszteljes\u00edtm\u00e9ny javult, \u00edgy \u00edgy v\u00e1lik egy kiegyens\u00falyozottabb term\u00e9kk\u00e9.<\/p>\n<p>A Blue h\u0151kezel\u00e9s n\u00f6veli az eszk\u00f6z flexibilit\u00e1s\u00e1t, a t\u00f6r\u00e9ssel szembeni ellen\u00e1ll\u00e1s\u00e1t.<\/p>\n","protected":false},"featured_media":11230,"comment_status":"open","ping_status":"closed","template":"","meta":{"inline_featured_image":false},"product_brand":[225],"product_cat":[138,239],"product_tag":[252,251,250],"class_list":{"0":"post-11575","1":"product","2":"type-product","3":"status-publish","4":"has-post-thumbnail","6":"product_brand-rogin-dental","7":"product_cat-endodoncia-gyokerkezeles","8":"product_cat-gepi-gyokertagitas","9":"product_tag-3-tus-rendszer","10":"product_tag-aurora","11":"product_tag-gepi-tagito","13":"first","14":"instock","15":"taxable","16":"shipping-taxable","17":"purchasable","18":"product-type-variable"},"_links":{"self":[{"href":"https:\/\/prodental.hu\/shop\/wp-json\/wp\/v2\/product\/11575","targetHints":{"allow":["GET"]}}],"collection":[{"href":"https:\/\/prodental.hu\/shop\/wp-json\/wp\/v2\/product"}],"about":[{"href":"https:\/\/prodental.hu\/shop\/wp-json\/wp\/v2\/types\/product"}],"replies":[{"embeddable":true,"href":"https:\/\/prodental.hu\/shop\/wp-json\/wp\/v2\/comments?post=11575"}],"wp:featuredmedia":[{"embeddable":true,"href":"https:\/\/prodental.hu\/shop\/wp-json\/wp\/v2\/media\/11230"}],"wp:attachment":[{"href":"https:\/\/prodental.hu\/shop\/wp-json\/wp\/v2\/media?parent=11575"}],"wp:term":[{"taxonomy":"product_brand","embeddable":true,"href":"https:\/\/prodental.hu\/shop\/wp-json\/wp\/v2\/product_brand?post=11575"},{"taxonomy":"product_cat","embeddable":true,"href":"https:\/\/prodental.hu\/shop\/wp-json\/wp\/v2\/product_cat?post=11575"},{"taxonomy":"product_tag","embeddable":true,"href":"https:\/\/prodental.hu\/shop\/wp-json\/wp\/v2\/product_tag?post=11575"}],"curies":[{"name":"wp","href":"https:\/\/api.w.org\/{rel}","templated":true}]}}