{"id":11539,"date":"2025-10-26T12:11:26","date_gmt":"2025-10-26T12:11:26","guid":{"rendered":"https:\/\/prodental.hu\/shop\/?post_type=product&#038;p=11539"},"modified":"2025-10-26T12:11:26","modified_gmt":"2025-10-26T12:11:26","slug":"kofferdam-gumi","status":"publish","type":"product","link":"https:\/\/prodental.hu\/shop\/product\/kofferdam-gumi\/","title":{"rendered":"Kofferdam gumi"},"content":{"rendered":"","protected":false},"excerpt":{"rendered":"<p>M\u00e9ret: 6&#8243; x 6&#8243; (15 x 15 cm)<\/p>\n<p>M\u00e9dium kem\u00e9nys\u00e9g\u0171.<\/p>\n<p>P\u00fadermentes, nagy rugalmass\u00e1g\u00fa \u00e9s ellen\u00e1ll a szakad\u00e1snak.<\/p>\n<p>Biztons\u00e1gosabb\u00e1 \u00e9s k\u00e9nyelmesebb\u00e9 teszi az endodonciai kezel\u00e9st.<br \/>\nMegv\u00e9di a kezelt ter\u00fcletet a sz\u00e1j\u00fcregi bakt\u00e9riumokt\u00f3l \u00e9s a ny\u00e1lszennyez\u0151d\u00e9st\u0151l.<br \/>\nMegv\u00e9di a nyelvet \u00e9s az \u00ednyt az irrit\u00e1ci\u00f3t\u00f3l.<br \/>\nMegakad\u00e1lyozza, hogy b\u00e1rmilyen t\u00f6rmel\u00e9k vagy eszk\u00f6z bejusson a p\u00e1ciens tork\u00e1ba.<\/p>\n","protected":false},"featured_media":11247,"comment_status":"open","ping_status":"closed","template":"","meta":{"inline_featured_image":false},"product_brand":[225],"product_cat":[244,138],"product_tag":[246,245,107,247],"class_list":{"0":"post-11539","1":"product","2":"type-product","3":"status-publish","4":"has-post-thumbnail","6":"product_brand-rogin-dental","7":"product_cat-kiegeszitok-gyokerkezeleshez","8":"product_cat-endodoncia-gyokerkezeles","9":"product_tag-gyokerkzeles","10":"product_tag-izolalas","11":"product_tag-kofferdam","12":"product_tag-tomeskeszites","14":"first","15":"instock","16":"taxable","17":"shipping-taxable","18":"purchasable","19":"product-type-variable"},"_links":{"self":[{"href":"https:\/\/prodental.hu\/shop\/wp-json\/wp\/v2\/product\/11539","targetHints":{"allow":["GET"]}}],"collection":[{"href":"https:\/\/prodental.hu\/shop\/wp-json\/wp\/v2\/product"}],"about":[{"href":"https:\/\/prodental.hu\/shop\/wp-json\/wp\/v2\/types\/product"}],"replies":[{"embeddable":true,"href":"https:\/\/prodental.hu\/shop\/wp-json\/wp\/v2\/comments?post=11539"}],"wp:featuredmedia":[{"embeddable":true,"href":"https:\/\/prodental.hu\/shop\/wp-json\/wp\/v2\/media\/11247"}],"wp:attachment":[{"href":"https:\/\/prodental.hu\/shop\/wp-json\/wp\/v2\/media?parent=11539"}],"wp:term":[{"taxonomy":"product_brand","embeddable":true,"href":"https:\/\/prodental.hu\/shop\/wp-json\/wp\/v2\/product_brand?post=11539"},{"taxonomy":"product_cat","embeddable":true,"href":"https:\/\/prodental.hu\/shop\/wp-json\/wp\/v2\/product_cat?post=11539"},{"taxonomy":"product_tag","embeddable":true,"href":"https:\/\/prodental.hu\/shop\/wp-json\/wp\/v2\/product_tag?post=11539"}],"curies":[{"name":"wp","href":"https:\/\/api.w.org\/{rel}","templated":true}]}}