{"id":11485,"date":"2025-10-26T05:38:37","date_gmt":"2025-10-26T05:38:37","guid":{"rendered":"https:\/\/prodental.hu\/shop\/?post_type=product&#038;p=11485"},"modified":"2025-10-26T09:05:56","modified_gmt":"2025-10-26T09:05:56","slug":"pf-files-pathfinder-d-finder","status":"publish","type":"product","link":"https:\/\/prodental.hu\/shop\/product\/pf-files-pathfinder-d-finder\/","title":{"rendered":"PF Files (Pathfinder, D Finder)"},"content":{"rendered":"<p>Az alakv\u00e1ltoz\u00e1sra ir\u00e1nyul\u00f3 vizsg\u00e1latok azt mutatj\u00e1k, hogy a PF File-ok 1,5-szer ellen\u00e1ll\u00f3bbak a t\u00f6r\u00e9sekkel szemben, mint m\u00e1s pathfinder-ek.<\/p>\n<p>A PF reszel\u0151k hat\u00e9kony \u00fatkeres\u00e9st tesznek lehet\u0151v\u00e9 az elmeszesedett vagy a g\u00f6rb\u00fclt gy\u00f6k\u00e9rcsatorn\u00e1kban.<\/p>\n","protected":false},"excerpt":{"rendered":"<p>Az alakv\u00e1ltoz\u00e1sra ir\u00e1nyul\u00f3 vizsg\u00e1latok azt mutatj\u00e1k, hogy a PF File-ok 1,5-szer ellen\u00e1ll\u00f3bbak a t\u00f6r\u00e9sekkel szemben, mint m\u00e1s pathfinder-ek.<\/p>\n<p>A PF reszel\u0151k hat\u00e9kony \u00fatkeres\u00e9st tesznek lehet\u0151v\u00e9 az elmeszesedett vagy a g\u00f6rb\u00fclt gy\u00f6k\u00e9rcsatorn\u00e1kban.<\/p>\n","protected":false},"featured_media":11268,"comment_status":"open","ping_status":"closed","template":"","meta":{"inline_featured_image":false},"product_brand":[225],"product_cat":[138,238],"product_tag":[235,236,237,234],"class_list":{"0":"post-11485","1":"product","2":"type-product","3":"status-publish","4":"has-post-thumbnail","6":"product_brand-rogin-dental","7":"product_cat-endodoncia-gyokerkezeles","8":"product_cat-kezi-gyokertagitas","9":"product_tag-d-finder","10":"product_tag-glidepath","11":"product_tag-gyokerkezeles","12":"product_tag-pathfinder","14":"first","15":"instock","16":"taxable","17":"shipping-taxable","18":"purchasable","19":"product-type-variable"},"_links":{"self":[{"href":"https:\/\/prodental.hu\/shop\/wp-json\/wp\/v2\/product\/11485","targetHints":{"allow":["GET"]}}],"collection":[{"href":"https:\/\/prodental.hu\/shop\/wp-json\/wp\/v2\/product"}],"about":[{"href":"https:\/\/prodental.hu\/shop\/wp-json\/wp\/v2\/types\/product"}],"replies":[{"embeddable":true,"href":"https:\/\/prodental.hu\/shop\/wp-json\/wp\/v2\/comments?post=11485"}],"wp:featuredmedia":[{"embeddable":true,"href":"https:\/\/prodental.hu\/shop\/wp-json\/wp\/v2\/media\/11268"}],"wp:attachment":[{"href":"https:\/\/prodental.hu\/shop\/wp-json\/wp\/v2\/media?parent=11485"}],"wp:term":[{"taxonomy":"product_brand","embeddable":true,"href":"https:\/\/prodental.hu\/shop\/wp-json\/wp\/v2\/product_brand?post=11485"},{"taxonomy":"product_cat","embeddable":true,"href":"https:\/\/prodental.hu\/shop\/wp-json\/wp\/v2\/product_cat?post=11485"},{"taxonomy":"product_tag","embeddable":true,"href":"https:\/\/prodental.hu\/shop\/wp-json\/wp\/v2\/product_tag?post=11485"}],"curies":[{"name":"wp","href":"https:\/\/api.w.org\/{rel}","templated":true}]}}