{"id":11058,"date":"2025-10-12T23:24:05","date_gmt":"2025-10-12T23:24:05","guid":{"rendered":"https:\/\/prodental.hu\/shop\/?post_type=product&#038;p=11058"},"modified":"2025-11-11T14:42:16","modified_gmt":"2025-11-11T14:42:16","slug":"riva-silver","status":"publish","type":"product","link":"https:\/\/prodental.hu\/shop\/product\/riva-silver\/","title":{"rendered":"RIVA SILVER"},"content":{"rendered":"<p class=\"my-2 [&amp;+p]:mt-4 [&amp;_strong:has(+br)]:inline-block [&amp;_strong:has(+br)]:pb-2\">Az\u00a0<strong>SDI Riva Silver<\/strong>\u00a0egy ez\u00fcsttechnol\u00f3gi\u00e1val er\u0151s\u00edtett, higanymentes, fluoridlead\u00f3 \u00fcvegionomer t\u00f6m\u0151anyag, amelyet k\u00fcl\u00f6n\u00f6sen nehezen kezelhet\u0151, szuvasod\u00e1sra hajlamos \u00e9s gyenge compliance-\u0171 p\u00e1ciensekhez terveztek.<\/p>\n<p class=\"my-2 [&amp;+p]:mt-4 [&amp;_strong:has(+br)]:inline-block [&amp;_strong:has(+br)]:pb-2\"><strong>F\u0151bb jellemz\u0151k:<\/strong><\/p>\n<ul class=\"marker:text-quiet list-disc\">\n<li class=\"py-0 my-0 prose-p:pt-0 prose-p:mb-2 prose-p:my-0 [&amp;&gt;p]:pt-0 [&amp;&gt;p]:mb-2 [&amp;&gt;p]:my-0\">\n<p class=\"my-2 [&amp;+p]:mt-4 [&amp;_strong:has(+br)]:inline-block [&amp;_strong:has(+br)]:pb-2\"><strong>Proprietary ionglass\u2122 technol\u00f3gia:<\/strong>\u00a0Egyedi, nagy ionlead\u00e1s\u00fa, radiop\u00e1k, bioakt\u00edv \u00fcvegt\u00f6lt\u0151anyag, mely hossz\u00fa t\u00e1v\u00fa fluoridlead\u00e1sra \u00e9s remineraliz\u00e1ci\u00f3ra k\u00e9pes.<\/p>\n<\/li>\n<li class=\"py-0 my-0 prose-p:pt-0 prose-p:mb-2 prose-p:my-0 [&amp;&gt;p]:pt-0 [&amp;&gt;p]:mb-2 [&amp;&gt;p]:my-0\">\n<p class=\"my-2 [&amp;+p]:mt-4 [&amp;_strong:has(+br)]:inline-block [&amp;_strong:has(+br)]:pb-2\"><strong>Magas korai szil\u00e1rds\u00e1g:<\/strong>\u00a0134 MPa-os kompresszi\u00f3s szil\u00e1rds\u00e1g m\u00e1r az els\u0151 \u00f3r\u00e1ban, minim\u00e1lis a korai frakt\u00fara kock\u00e1zata, \u00edgy ide\u00e1lis core build-up-hoz is.<\/p>\n<\/li>\n<li class=\"py-0 my-0 prose-p:pt-0 prose-p:mb-2 prose-p:my-0 [&amp;&gt;p]:pt-0 [&amp;&gt;p]:mb-2 [&amp;&gt;p]:my-0\">\n<p class=\"my-2 [&amp;+p]:mt-4 [&amp;_strong:has(+br)]:inline-block [&amp;_strong:has(+br)]:pb-2\"><strong>Kondenz\u00e1lhat\u00f3, k\u00f6nnyen kezelhet\u0151:<\/strong>\u00a0Amalg\u00e1mkondenz\u0151rrel egyszer\u0171en form\u00e1zhat\u00f3 \u00e9s helyezhet\u0151.<\/p>\n<\/li>\n<li class=\"py-0 my-0 prose-p:pt-0 prose-p:mb-2 prose-p:my-0 [&amp;&gt;p]:pt-0 [&amp;&gt;p]:mb-2 [&amp;&gt;p]:my-0\">\n<p class=\"my-2 [&amp;+p]:mt-4 [&amp;_strong:has(+br)]:inline-block [&amp;_strong:has(+br)]:pb-2\"><strong>Magas radiopacit\u00e1s:<\/strong>\u00a0F\u00e9mr\u00e9szecsk\u00e9knek k\u00f6sz\u00f6nhet\u0151en a Riva Silver j\u00f3l elk\u00fcl\u00f6n\u00edthet\u0151 a foganyagt\u00f3l r\u00f6ntgenen.<\/p>\n<\/li>\n<li class=\"py-0 my-0 prose-p:pt-0 prose-p:mb-2 prose-p:my-0 [&amp;&gt;p]:pt-0 [&amp;&gt;p]:mb-2 [&amp;&gt;p]:my-0\">\n<p class=\"my-2 [&amp;+p]:mt-4 [&amp;_strong:has(+br)]:inline-block [&amp;_strong:has(+br)]:pb-2\"><strong>Magas fluoridlead\u00e1s:<\/strong>\u00a0Seg\u00edti a szomsz\u00e9dos fogsz\u00f6vet remineraliz\u00e1ci\u00f3j\u00e1t, hossz\u00fa t\u00e1v\u00fa prevenci\u00f3.<\/p>\n<\/li>\n<li class=\"py-0 my-0 prose-p:pt-0 prose-p:mb-2 prose-p:my-0 [&amp;&gt;p]:pt-0 [&amp;&gt;p]:mb-2 [&amp;&gt;p]:my-0\">\n<p class=\"my-2 [&amp;+p]:mt-4 [&amp;_strong:has(+br)]:inline-block [&amp;_strong:has(+br)]:pb-2\"><strong>Fluorid &#8222;felt\u00f6lt\u00e9s&#8221;:<\/strong>\u00a0K\u00e9pes k\u00edv\u00fclr\u0151l kapott fluoridot \u00fajra &#8222;felt\u00f6lteni&#8221;, \u00edgy tart\u00f3sabb v\u00e9delmet ny\u00fajt szuvasod\u00e1s ellen.<\/p>\n<\/li>\n<li class=\"py-0 my-0 prose-p:pt-0 prose-p:mb-2 prose-p:my-0 [&amp;&gt;p]:pt-0 [&amp;&gt;p]:mb-2 [&amp;&gt;p]:my-0\">\n<p class=\"my-2 [&amp;+p]:mt-4 [&amp;_strong:has(+br)]:inline-block [&amp;_strong:has(+br)]:pb-2\"><strong>F\u00e9nyes sz\u00fcrke sz\u00edn:<\/strong>\u00a0Minim\u00e1lis maszkol\u00e1si ig\u00e9ny eszt\u00e9tikus restaur\u00e1ci\u00f3k alatt.<\/p>\n<\/li>\n<li class=\"py-0 my-0 prose-p:pt-0 prose-p:mb-2 prose-p:my-0 [&amp;&gt;p]:pt-0 [&amp;&gt;p]:mb-2 [&amp;&gt;p]:my-0\">\n<p class=\"my-2 [&amp;+p]:mt-4 [&amp;_strong:has(+br)]:inline-block [&amp;_strong:has(+br)]:pb-2\"><strong>No mixing step:<\/strong>\u00a0Por-folyad\u00e9k kiszerel\u00e9s eset\u00e9n az ez\u00fcstr\u00e9szecsk\u00e9k m\u00e1r el\u0151keverve vannak, kapszul\u00e1s rendszerben automatikus aktiv\u00e1l\u00e1s megb\u00edzhat\u00f3, homog\u00e9n kever\u00e9ket ad.<\/p>\n<\/li>\n<li class=\"py-0 my-0 prose-p:pt-0 prose-p:mb-2 prose-p:my-0 [&amp;&gt;p]:pt-0 [&amp;&gt;p]:mb-2 [&amp;&gt;p]:my-0\">\n<p class=\"my-2 [&amp;+p]:mt-4 [&amp;_strong:has(+br)]:inline-block [&amp;_strong:has(+br)]:pb-2\"><strong>Indik\u00e1ci\u00f3k:<\/strong>\u00a0Kis I. \u00e9s II. oszt\u00e1ly\u00fa t\u00f6m\u00e9sek, tej- \u00e9s id\u0151s fogak restaur\u00e1ci\u00f3ja, core build-up, sandwich-technika, ART-technik\u00e1hoz, ideiglenes (endo) t\u00f6m\u00e9sek, bar\u00e1zdaz\u00e1r\u00e1s, geriatric fog\u00e1szat, k\u00fcl\u00f6n\u00f6sen ott, ahol compliance \u00e9s nedvess\u00e9gkontroll neh\u00e9z.\u200b<\/p>\n<\/li>\n<\/ul>\n<p class=\"my-2 [&amp;+p]:mt-4 [&amp;_strong:has(+br)]:inline-block [&amp;_strong:has(+br)]:pb-2\">A\u00a0<strong>Riva Silver<\/strong>\u00a0er\u0151s, tart\u00f3s, bioakt\u00edv ez\u00fcst\u00fcvegionomer, amely komplex t\u00f6m\u00edt\u00e9si \u00e9s alapoz\u00f3 feladataira k\u00edn\u00e1l professzion\u00e1lis, higanymentes, fluoridmeg\u0151rz\u0151 megold\u00e1st a modern fog\u00e1szatban.Az\u00a0<strong>SDI Riva Silver<\/strong>\u00a0egy ez\u00fcsttel er\u0151s\u00edtett, higanymentes, nagy fluoridlead\u00e1s\u00fa \u00fcvegionomer t\u00f6m\u0151anyag, amelyet f\u0151leg core build-up-ra, kis I. \u00e9s II. oszt\u00e1ly\u00fa restaur\u00e1ci\u00f3kra, tejfogakra, id\u0151skori fog\u00e1szatban, illetve olyan szitu\u00e1ci\u00f3kra aj\u00e1nlanak, ahol a nedvess\u00e9gkontroll neh\u00e9z, vagy a p\u00e1ciens egy\u00fcttm\u0171k\u00f6d\u00e9se probl\u00e9m\u00e1s.<\/p>\n","protected":false},"excerpt":{"rendered":"<p>Ez\u00fcsttel meger\u0151s\u00edtett \u00fcvegionomer t\u00f6m\u0151anyag<\/p>\n<p>&#8211; SDI \u00e1ltal szabadalmazott \u201eionglass\u201d t\u00f6lt\u0151anyag<br \/>\n&#8211; Higanymentes \u00e9s fluoridlead\u00f3<br \/>\n&#8211; K\u00e9miailag k\u00f6t\u0151dik a foganyaghoz<br \/>\n&#8211; J\u00f3 r\u00f6ntgen \u00e1rny\u00e9kot ad<br \/>\n&#8211; Nem zsugorodik<br \/>\n&#8211; T\u00f6k\u00e9letes v\u00e1laszt\u00e1s gyerekek \u00e9s nehezen kezelhet\u0151 betegek sz\u00e1m\u00e1ra<\/p>\n<p>&nbsp;<\/p>\n","protected":false},"featured_media":11987,"comment_status":"open","ping_status":"closed","template":"","meta":{"inline_featured_image":false},"product_brand":[217],"product_cat":[263,220],"product_tag":[],"class_list":{"0":"post-11058","1":"product","2":"type-product","3":"status-publish","4":"has-post-thumbnail","6":"product_brand-sdi","7":"product_cat-tomeskeszites","8":"product_cat-uvegionomer-tomoanyagok","10":"first","11":"instock","12":"taxable","13":"shipping-taxable","14":"purchasable","15":"product-type-variable"},"_links":{"self":[{"href":"https:\/\/prodental.hu\/shop\/wp-json\/wp\/v2\/product\/11058","targetHints":{"allow":["GET"]}}],"collection":[{"href":"https:\/\/prodental.hu\/shop\/wp-json\/wp\/v2\/product"}],"about":[{"href":"https:\/\/prodental.hu\/shop\/wp-json\/wp\/v2\/types\/product"}],"replies":[{"embeddable":true,"href":"https:\/\/prodental.hu\/shop\/wp-json\/wp\/v2\/comments?post=11058"}],"wp:featuredmedia":[{"embeddable":true,"href":"https:\/\/prodental.hu\/shop\/wp-json\/wp\/v2\/media\/11987"}],"wp:attachment":[{"href":"https:\/\/prodental.hu\/shop\/wp-json\/wp\/v2\/media?parent=11058"}],"wp:term":[{"taxonomy":"product_brand","embeddable":true,"href":"https:\/\/prodental.hu\/shop\/wp-json\/wp\/v2\/product_brand?post=11058"},{"taxonomy":"product_cat","embeddable":true,"href":"https:\/\/prodental.hu\/shop\/wp-json\/wp\/v2\/product_cat?post=11058"},{"taxonomy":"product_tag","embeddable":true,"href":"https:\/\/prodental.hu\/shop\/wp-json\/wp\/v2\/product_tag?post=11058"}],"curies":[{"name":"wp","href":"https:\/\/api.w.org\/{rel}","templated":true}]}}