{"id":11033,"date":"2025-10-12T22:56:27","date_gmt":"2025-10-12T22:56:27","guid":{"rendered":"https:\/\/prodental.hu\/shop\/?post_type=product&#038;p=11033"},"modified":"2025-11-12T08:47:42","modified_gmt":"2025-11-12T08:47:42","slug":"riva-star","status":"publish","type":"product","link":"https:\/\/prodental.hu\/shop\/product\/riva-star\/","title":{"rendered":"RIVA STAR AQUA"},"content":{"rendered":"<p class=\"my-2 [&amp;+p]:mt-4 [&amp;_strong:has(+br)]:inline-block [&amp;_strong:has(+br)]:pb-2\">Az\u00a0<strong>SDI Riva Star<\/strong> <strong>Aqua<\/strong> egy innovat\u00edv, oldatrendszer, amelyet az azonnali fog\u00e9rz\u00e9kenys\u00e9g-cs\u00f6kkent\u00e9sre fejlesztettek ki, mik\u00f6zben minim\u00e1lis beavatkoz\u00e1s\u00fa fog\u00e1szati filoz\u00f3fi\u00e1t val\u00f3s\u00edt meg.<\/p>\n<p class=\"my-2 [&amp;+p]:mt-4 [&amp;_strong:has(+br)]:inline-block [&amp;_strong:has(+br)]:pb-2\"><strong>F\u0151bb jellemz\u0151k:<\/strong><\/p>\n<ul class=\"marker:text-quiet list-disc\">\n<li class=\"py-0 my-0 prose-p:pt-0 prose-p:mb-2 prose-p:my-0 [&amp;&gt;p]:pt-0 [&amp;&gt;p]:mb-2 [&amp;&gt;p]:my-0\">\n<p class=\"my-2 [&amp;+p]:mt-4 [&amp;_strong:has(+br)]:inline-block [&amp;_strong:has(+br)]:pb-2\"><strong>2 l\u00e9p\u00e9ses, szabadalmaztatott rendszer:<\/strong> Az els\u0151 l\u00e9p\u00e9sben ez\u00fcst-fluorid ker\u00fcl a felsz\u00ednre, majd k\u00e1lium-jodid (KI) alkalmaz\u00e1s\u00e1val a keletkez\u0151 feh\u00e9r ez\u00fcst-jodid csapad\u00e9k el\u0151sz\u00f6r tejfeh\u00e9r, majd \u00e1tl\u00e1tsz\u00f3v\u00e1 v\u00e1lik; ez a k\u00e9t l\u00e9p\u00e9s jelent\u0151sen cs\u00f6kkenti a k\u00e9s\u0151bbi elsz\u00ednez\u0151d\u00e9s kock\u00e1zat\u00e1t.<\/p>\n<\/li>\n<li class=\"py-0 my-0 prose-p:pt-0 prose-p:mb-2 prose-p:my-0 [&amp;&gt;p]:pt-0 [&amp;&gt;p]:mb-2 [&amp;&gt;p]:my-0\">\n<p class=\"my-2 [&amp;+p]:mt-4 [&amp;_strong:has(+br)]:inline-block [&amp;_strong:has(+br)]:pb-2\"><strong>Azonnali hat\u00e1s:<\/strong>\u00a0M\u00e1r egyszeri alkalmaz\u00e1s ut\u00e1n ak\u00e1r k\u00e9t \u00e9vig tart\u00f3 \u00e9rz\u00e9kenys\u00e9gcs\u00f6kkent\u0151 hat\u00e1s igazolt klinikailag.\u200b<\/p>\n<\/li>\n<li class=\"py-0 my-0 prose-p:pt-0 prose-p:mb-2 prose-p:my-0 [&amp;&gt;p]:pt-0 [&amp;&gt;p]:mb-2 [&amp;&gt;p]:my-0\">\n<p class=\"my-2 [&amp;+p]:mt-4 [&amp;_strong:has(+br)]:inline-block [&amp;_strong:has(+br)]:pb-2\"><strong>Minim\u00e1lis beavatkoz\u00e1s:<\/strong>\u00a0Gyors, egyszer\u0171 kezel\u00e9s, amely nem ig\u00e9nyel \u00e9rz\u00e9stelen\u00edt\u00e9st, f\u00far\u00e1st, helyre\u00e1ll\u00edt\u00e1st vagy pol\u00edroz\u00e1st.<\/p>\n<\/li>\n<li class=\"py-0 my-0 prose-p:pt-0 prose-p:mb-2 prose-p:my-0 [&amp;&gt;p]:pt-0 [&amp;&gt;p]:mb-2 [&amp;&gt;p]:my-0\">\n<p class=\"my-2 [&amp;+p]:mt-4 [&amp;_strong:has(+br)]:inline-block [&amp;_strong:has(+br)]:pb-2\"><strong>Biofilm-g\u00e1tl\u00f3:<\/strong>\u00a0F\u00fcggetlen tanulm\u00e1nyok szerint hat\u00e9konyabb biofilm-g\u00e1tl\u00e1ssal rendelkezik, mint a n\u00e1trium-hipoklorit, g\u00e1tolja a n\u00e9gy leggyakoribb bakt\u00e9rium szaporod\u00e1s\u00e1t (E. faecalis, S. gordonii, S. mutans, S. mitis).<\/p>\n<\/li>\n<li class=\"py-0 my-0 prose-p:pt-0 prose-p:mb-2 prose-p:my-0 [&amp;&gt;p]:pt-0 [&amp;&gt;p]:mb-2 [&amp;&gt;p]:my-0\">\n<p class=\"my-2 [&amp;+p]:mt-4 [&amp;_strong:has(+br)]:inline-block [&amp;_strong:has(+br)]:pb-2\">Er\u0151s\u00edt: Prekurzork\u00e9nt jav\u00edthatja az \u00fcvegionomerek k\u00f6t\u0151erej\u00e9t, ez\u00e9rt aj\u00e1nlott \u00fcvegionomer alkalmaz\u00e1s el\u0151tt.<\/p>\n<\/li>\n<li class=\"py-0 my-0 prose-p:pt-0 prose-p:mb-2 prose-p:my-0 [&amp;&gt;p]:pt-0 [&amp;&gt;p]:mb-2 [&amp;&gt;p]:my-0\">\n<p class=\"my-2 [&amp;+p]:mt-4 [&amp;_strong:has(+br)]:inline-block [&amp;_strong:has(+br)]:pb-2\"><strong>Minim\u00e1lis \u00e9rz\u00e9kenys\u00e9g \u00e9s gyors kezel\u00e9s:<\/strong>\u00a0Nincs sz\u00fcks\u00e9g fog\u00ednyv\u00e9d\u0151re, gyorsan, f\u00e1jdalommentesen elv\u00e9gezhet\u0151 a beavatkoz\u00e1s.<\/p>\n<\/li>\n<li class=\"py-0 my-0 prose-p:pt-0 prose-p:mb-2 prose-p:my-0 [&amp;&gt;p]:pt-0 [&amp;&gt;p]:mb-2 [&amp;&gt;p]:my-0\">\n<p class=\"my-2 [&amp;+p]:mt-4 [&amp;_strong:has(+br)]:inline-block [&amp;_strong:has(+br)]:pb-2\"><strong>Indik\u00e1ci\u00f3:<\/strong>\u00a0Cervik\u00e1lis, dentin\u00e9rz\u00e9kenys\u00e9g megsz\u00fcntet\u00e9se, minim\u00e1lisan invaz\u00edv szuvasod\u00e1skezel\u00e9s, gy\u00f6k\u00e9rfelsz\u00edni \u00e9rz\u00e9kenys\u00e9g, \u00fcvegionomer alkalmaz\u00e1s el\u0151k\u00e9sz\u00edt\u00e9se.\u200b<\/p>\n<\/li>\n<\/ul>\n<p class=\"my-2 [&amp;+p]:mt-4 [&amp;_strong:has(+br)]:inline-block [&amp;_strong:has(+br)]:pb-2\">A\u00a0<strong>Riva Star Aqua<\/strong>\u00a0a modern SDF-kezel\u00e9s orig\u00f3ja: kombin\u00e1lja az azonnali hat\u00e1st, hossz\u00fa t\u00e1v\u00fa \u00e9rz\u00e9kenys\u00e9gcs\u00f6kkent\u00e9st, minim\u00e1lis invazivit\u00e1st \u00e9s eszt\u00e9tikus v\u00e9geredm\u00e9nyt.<\/p>\n","protected":false},"excerpt":{"rendered":"<p>A Riva Star Aqua egy \u00faj gener\u00e1ci\u00f3s, szabadalmaztatott, vizes b\u00e1zis\u00fa (nincs amm\u00f3nia), ez\u00fcst-fluorid oldat, amely t\u00f6bbek k\u00f6z\u00f6tt seg\u00edt a szuvass\u00e1g kialakul\u00e1s\u00e1nak megel\u0151z\u00e9s\u00e9ben, \u00e9s hat\u00e1sos a m\u00e1r megl\u00e9v\u0151 szuvas elv\u00e1ltoz\u00e1sok meg\u00e1ll\u00edt\u00e1s\u00e1ban!<\/p>\n<p>Nincs sz\u00fcks\u00e9g f\u00far\u00e1sra, pol\u00edroz\u00e1sra!<\/p>\n<p>Emellett egy non-invaz\u00edv, 2 l\u00e9p\u00e9ses rendszer a fogak \u00e9rz\u00e9kenys\u00e9g\u00e9nek megsz\u00fcntet\u00e9s\u00e9re ak\u00e1r 1 applik\u00e1ci\u00f3val!<\/p>\n<p>Kiszerel\u00e9s: 1, 5ml AgF oldat + 3 ml KI oldat<\/p>\n<p>&nbsp;<\/p>\n","protected":false},"featured_media":11998,"comment_status":"open","ping_status":"closed","template":"","meta":{"inline_featured_image":false},"product_brand":[217],"product_cat":[218],"product_tag":[],"class_list":{"0":"post-11033","1":"product","2":"type-product","3":"status-publish","4":"has-post-thumbnail","6":"product_brand-sdi","7":"product_cat-prevencio","9":"first","10":"instock","11":"taxable","12":"shipping-taxable","13":"purchasable","14":"product-type-simple"},"_links":{"self":[{"href":"https:\/\/prodental.hu\/shop\/wp-json\/wp\/v2\/product\/11033","targetHints":{"allow":["GET"]}}],"collection":[{"href":"https:\/\/prodental.hu\/shop\/wp-json\/wp\/v2\/product"}],"about":[{"href":"https:\/\/prodental.hu\/shop\/wp-json\/wp\/v2\/types\/product"}],"replies":[{"embeddable":true,"href":"https:\/\/prodental.hu\/shop\/wp-json\/wp\/v2\/comments?post=11033"}],"wp:featuredmedia":[{"embeddable":true,"href":"https:\/\/prodental.hu\/shop\/wp-json\/wp\/v2\/media\/11998"}],"wp:attachment":[{"href":"https:\/\/prodental.hu\/shop\/wp-json\/wp\/v2\/media?parent=11033"}],"wp:term":[{"taxonomy":"product_brand","embeddable":true,"href":"https:\/\/prodental.hu\/shop\/wp-json\/wp\/v2\/product_brand?post=11033"},{"taxonomy":"product_cat","embeddable":true,"href":"https:\/\/prodental.hu\/shop\/wp-json\/wp\/v2\/product_cat?post=11033"},{"taxonomy":"product_tag","embeddable":true,"href":"https:\/\/prodental.hu\/shop\/wp-json\/wp\/v2\/product_tag?post=11033"}],"curies":[{"name":"wp","href":"https:\/\/api.w.org\/{rel}","templated":true}]}}