{"id":10888,"date":"2025-10-12T18:19:56","date_gmt":"2025-10-12T18:19:56","guid":{"rendered":"https:\/\/prodental.hu\/shop\/?post_type=product&#038;p=10888"},"modified":"2025-11-09T17:57:25","modified_gmt":"2025-11-09T17:57:25","slug":"teethmate-desensitizer","status":"publish","type":"product","link":"https:\/\/prodental.hu\/shop\/product\/teethmate-desensitizer\/","title":{"rendered":"TEETHMATE DESENSITIZER"},"content":{"rendered":"<p class=\"my-2 [&amp;+p]:mt-4 [&amp;_strong:has(+br)]:inline-block [&amp;_strong:has(+br)]:pb-2\">A\u00a0<strong>TEETHMATE DESENSITIZER<\/strong>\u00a0a Kuraray hivatalos le\u00edr\u00e1sa szerint egy term\u00e9szetes, hat\u00e9kony \u00e9s tart\u00f3s deszenzitiz\u00e1l\u00f3 anyag, amely kiz\u00e1r\u00f3lag fog\u00e1szati rendel\u0151i haszn\u00e1latra k\u00e9sz\u00fclt. A term\u00e9k f\u0151 jellemz\u0151je, hogy a kezel\u00e9s hely\u00e9n hidroxilapatitot (HAp) k\u00e9pez, amely a szervezetben term\u00e9szetesen is jelen l\u00e9v\u0151 \u00e1sv\u00e1nyi anyag, \u00edgy rendk\u00edv\u00fcl sz\u00f6vetbar\u00e1t.\u200b<\/p>\n<p class=\"my-2 [&amp;+p]:mt-4 [&amp;_strong:has(+br)]:inline-block [&amp;_strong:has(+br)]:pb-2\"><strong>F\u0151 jellemz\u0151k:<\/strong><\/p>\n<ul class=\"marker:text-quiet list-disc\">\n<li class=\"py-0 my-0 prose-p:pt-0 prose-p:mb-2 prose-p:my-0 [&amp;&gt;p]:pt-0 [&amp;&gt;p]:mb-2 [&amp;&gt;p]:my-0\">\n<p class=\"my-2 [&amp;+p]:mt-4 [&amp;_strong:has(+br)]:inline-block [&amp;_strong:has(+br)]:pb-2\"><strong>Hidroxilapatit (HAp) k\u00e9pz\u0151d\u00e9s:<\/strong>\u00a0Alkalmaz\u00e1s k\u00f6zben a TEETHMATE DESENSITIZER \u00f6sszetev\u0151ib\u0151l (kalcium-foszf\u00e1t por \u00e9s v\u00edzb\u00e1zis\u00fa folyad\u00e9k) keletkezik HAp, amely tart\u00f3san, term\u00e9szetes m\u00f3don z\u00e1rja el a dentincsatorn\u00e1kat \u00e9s az esetlegesen mikroreped\u00e9sekkel rendelkez\u0151 zom\u00e1ncfel\u00fcletet.\u200b<\/p>\n<\/li>\n<li class=\"py-0 my-0 prose-p:pt-0 prose-p:mb-2 prose-p:my-0 [&amp;&gt;p]:pt-0 [&amp;&gt;p]:mb-2 [&amp;&gt;p]:my-0\">\n<p class=\"my-2 [&amp;+p]:mt-4 [&amp;_strong:has(+br)]:inline-block [&amp;_strong:has(+br)]:pb-2\"><strong>Klinikailag bizony\u00edtott:<\/strong>\u00a0Az alkalmaz\u00e1s hat\u00e9konyan cs\u00f6kkenti a fogak \u00e9rz\u00e9kenys\u00e9g\u00e9t (pl. nyaki \u00e9rz\u00e9kenys\u00e9g, fogfeh\u00e9r\u00edt\u00e9s ut\u00e1n, scalinget k\u00f6vet\u0151en, restaur\u00e1ci\u00f3 alatt\/ut\u00e1n).\u200b<\/p>\n<\/li>\n<li class=\"py-0 my-0 prose-p:pt-0 prose-p:mb-2 prose-p:my-0 [&amp;&gt;p]:pt-0 [&amp;&gt;p]:mb-2 [&amp;&gt;p]:my-0\">\n<p class=\"my-2 [&amp;+p]:mt-4 [&amp;_strong:has(+br)]:inline-block [&amp;_strong:has(+br)]:pb-2\"><strong>Kompatibilis minden restaur\u00e1ci\u00f3s \u00e9s ragaszt\u00f3 elj\u00e1r\u00e1ssal:<\/strong>\u00a0Nem cs\u00f6kkenti a fogm\u0171ragaszt\u00f3k k\u00f6t\u0151erej\u00e9t, s\u0151t, restaur\u00e1ci\u00f3 el\u0151tt alkalmazva hossz\u00fa t\u00e1v\u00fa, stabil eredm\u00e9nyt ad.\u200b<\/p>\n<\/li>\n<li class=\"py-0 my-0 prose-p:pt-0 prose-p:mb-2 prose-p:my-0 [&amp;&gt;p]:pt-0 [&amp;&gt;p]:mb-2 [&amp;&gt;p]:my-0\">\n<p class=\"my-2 [&amp;+p]:mt-4 [&amp;_strong:has(+br)]:inline-block [&amp;_strong:has(+br)]:pb-2\"><strong>Biokompatibilis, nincs glutaraldehid vagy metakril\u00e1t tartalom<\/strong>: Nem irrit\u00e1lja az \u00ednyt \u00e9s a ny\u00e1lkah\u00e1rty\u00e1t, hipoallerg\u00e9n.\u200b<\/p>\n<\/li>\n<li class=\"py-0 my-0 prose-p:pt-0 prose-p:mb-2 prose-p:my-0 [&amp;&gt;p]:pt-0 [&amp;&gt;p]:mb-2 [&amp;&gt;p]:my-0\">\n<p class=\"my-2 [&amp;+p]:mt-4 [&amp;_strong:has(+br)]:inline-block [&amp;_strong:has(+br)]:pb-2\"><strong>Egyszer\u0171 alkalmaz\u00e1s:<\/strong>\u00a0Por \u00e9s folyad\u00e9k kever\u00e9k\u00e9t ecsetelni kell az \u00e9rintett ter\u00fcletre, majd n\u00e9h\u00e1ny m\u00e1sodperc v\u00e1rakoz\u00e1s ut\u00e1n k\u00e9sz is a kezel\u00e9s \u2013 azonnali \u00e9s hossz\u00fa t\u00e1v\u00fa hat\u00e1s.\u200b<\/p>\n<\/li>\n<\/ul>\n","protected":false},"excerpt":{"rendered":"<p>A term\u00e9szetes megold\u00e1s az \u00e9rz\u00e9kenys\u00e9g kezel\u00e9s\u00e9re.<\/p>\n<p>Haszn\u00e1latakor hidroxiapatit k\u00e9pz\u0151dik, ott ahol sz\u00fcks\u00e9g van r\u00e1, lez\u00e1rja a dentintubulusokat \u00e9s a s\u00e9r\u00fclt zom\u00e1ncot.<\/p>\n<p>6 g por + 4,8 ml folyad\u00e9k<\/p>\n","protected":false},"featured_media":10889,"comment_status":"open","ping_status":"closed","template":"","meta":{"inline_featured_image":false},"product_brand":[154],"product_cat":[215],"product_tag":[],"class_list":{"0":"post-10888","1":"product","2":"type-product","3":"status-publish","4":"has-post-thumbnail","6":"product_brand-kuraray","7":"product_cat-kiegeszitok","9":"first","10":"instock","11":"taxable","12":"shipping-taxable","13":"purchasable","14":"product-type-simple"},"_links":{"self":[{"href":"https:\/\/prodental.hu\/shop\/wp-json\/wp\/v2\/product\/10888","targetHints":{"allow":["GET"]}}],"collection":[{"href":"https:\/\/prodental.hu\/shop\/wp-json\/wp\/v2\/product"}],"about":[{"href":"https:\/\/prodental.hu\/shop\/wp-json\/wp\/v2\/types\/product"}],"replies":[{"embeddable":true,"href":"https:\/\/prodental.hu\/shop\/wp-json\/wp\/v2\/comments?post=10888"}],"wp:featuredmedia":[{"embeddable":true,"href":"https:\/\/prodental.hu\/shop\/wp-json\/wp\/v2\/media\/10889"}],"wp:attachment":[{"href":"https:\/\/prodental.hu\/shop\/wp-json\/wp\/v2\/media?parent=10888"}],"wp:term":[{"taxonomy":"product_brand","embeddable":true,"href":"https:\/\/prodental.hu\/shop\/wp-json\/wp\/v2\/product_brand?post=10888"},{"taxonomy":"product_cat","embeddable":true,"href":"https:\/\/prodental.hu\/shop\/wp-json\/wp\/v2\/product_cat?post=10888"},{"taxonomy":"product_tag","embeddable":true,"href":"https:\/\/prodental.hu\/shop\/wp-json\/wp\/v2\/product_tag?post=10888"}],"curies":[{"name":"wp","href":"https:\/\/api.w.org\/{rel}","templated":true}]}}

<p class="my-2 [&amp;+p]:mt-4 [&amp;_strong:has(+br)]:inline-block [&amp;_strong:has(+br)]:pb-2">A <strong>TEETHMATE DESENSITIZER</strong> a Kuraray hivatalos leírása szerint egy természetes, hatékony és tartós deszenzitizáló anyag, amely kizárólag fogászati rendelői használatra készült. A termék fő jellemzője, hogy a kezelés helyén hidroxilapatitot (HAp) képez, amely a szervezetben természetesen is jelen lévő ásványi anyag, így rendkívül szövetbarát.​</p>
<p class="my-2 [&amp;+p]:mt-4 [&amp;_strong:has(+br)]:inline-block [&amp;_strong:has(+br)]:pb-2"><strong>Fő jellemzők:</strong></p>
<ul class="marker:text-quiet list-disc">
<li class="py-0 my-0 prose-p:pt-0 prose-p:mb-2 prose-p:my-0 [&amp;&gt;p]:pt-0 [&amp;&gt;p]:mb-2 [&amp;&gt;p]:my-0">
<p class="my-2 [&amp;+p]:mt-4 [&amp;_strong:has(+br)]:inline-block [&amp;_strong:has(+br)]:pb-2"><strong>Hidroxilapatit (HAp) képződés:</strong> Alkalmazás közben a TEETHMATE DESENSITIZER összetevőiből (kalcium-foszfát por és vízbázisú folyadék) keletkezik HAp, amely tartósan, természetes módon zárja el a dentincsatornákat és az esetlegesen mikrorepedésekkel rendelkező zománcfelületet.​</p>
</li>
<li class="py-0 my-0 prose-p:pt-0 prose-p:mb-2 prose-p:my-0 [&amp;&gt;p]:pt-0 [&amp;&gt;p]:mb-2 [&amp;&gt;p]:my-0">
<p class="my-2 [&amp;+p]:mt-4 [&amp;_strong:has(+br)]:inline-block [&amp;_strong:has(+br)]:pb-2"><strong>Klinikailag bizonyított:</strong> Az alkalmazás hatékonyan csökkenti a fogak érzékenységét (pl. nyaki érzékenység, fogfehérítés után, scalinget követően, restauráció alatt/után).​</p>
</li>
<li class="py-0 my-0 prose-p:pt-0 prose-p:mb-2 prose-p:my-0 [&amp;&gt;p]:pt-0 [&amp;&gt;p]:mb-2 [&amp;&gt;p]:my-0">
<p class="my-2 [&amp;+p]:mt-4 [&amp;_strong:has(+br)]:inline-block [&amp;_strong:has(+br)]:pb-2"><strong>Kompatibilis minden restaurációs és ragasztó eljárással:</strong> Nem csökkenti a fogműragasztók kötőerejét, sőt, restauráció előtt alkalmazva hosszú távú, stabil eredményt ad.​</p>
</li>
<li class="py-0 my-0 prose-p:pt-0 prose-p:mb-2 prose-p:my-0 [&amp;&gt;p]:pt-0 [&amp;&gt;p]:mb-2 [&amp;&gt;p]:my-0">
<p class="my-2 [&amp;+p]:mt-4 [&amp;_strong:has(+br)]:inline-block [&amp;_strong:has(+br)]:pb-2"><strong>Biokompatibilis, nincs glutaraldehid vagy metakrilát tartalom</strong>: Nem irritálja az ínyt és a nyálkahártyát, hipoallergén.​</p>
</li>
<li class="py-0 my-0 prose-p:pt-0 prose-p:mb-2 prose-p:my-0 [&amp;&gt;p]:pt-0 [&amp;&gt;p]:mb-2 [&amp;&gt;p]:my-0">
<p class="my-2 [&amp;+p]:mt-4 [&amp;_strong:has(+br)]:inline-block [&amp;_strong:has(+br)]:pb-2"><strong>Egyszerű alkalmazás:</strong> Por és folyadék keverékét ecsetelni kell az érintett területre, majd néhány másodperc várakozás után kész is a kezelés – azonnali és hosszú távú hatás.​</p>
</li>
</ul>

<p>A természetes megoldás az érzékenység kezelésére.</p>
<p>Használatakor hidroxiapatit képződik, ott ahol szükség van rá, lezárja a dentintubulusokat és a sérült zománcot.</p>
<p>6 g por + 4,8 ml folyadék</p>
