{"id":10808,"date":"2025-10-12T16:51:18","date_gmt":"2025-10-12T16:51:18","guid":{"rendered":"https:\/\/prodental.hu\/shop\/?post_type=product&#038;p=10808"},"modified":"2025-11-09T14:13:31","modified_gmt":"2025-11-09T14:13:31","slug":"clearfil-procelain-bond-activator","status":"publish","type":"product","link":"https:\/\/prodental.hu\/shop\/product\/clearfil-procelain-bond-activator\/","title":{"rendered":"CLEARFIL Procelain Bond Activator"},"content":{"rendered":"<p class=\"my-2 [&amp;+p]:mt-4 [&amp;_strong:has(+br)]:inline-block [&amp;_strong:has(+br)]:pb-2\">A CLEARFIL Porcelain Bond Activator egy hivatalosan a Kuraray \u00e1ltal gy\u00e1rtott szil\u00e1nk\u00f6t\u0151anyag (silane coupling agent), melyet porcel\u00e1n, hibrid ker\u00e1mia \u00e9s kompozit restaur\u00e1ci\u00f3k felsz\u00edni el\u0151kezel\u00e9s\u00e9re fejlesztettek. C\u00e9lja, hogy m\u00e1s Clearfil ragaszt\u00f3rendszerek (p\u00e9ld\u00e1ul CLEARFIL SE Bond Primer, NEW BOND, PHOTO BOND stb.) primer r\u00e9sz\u00e9vel elkeverve az \u00edgy kapott aktiv\u00e1lt elegyet k\u00f6zvetlen\u00fcl a restaur\u00e1ci\u00f3 felsz\u00edn\u00e9re vigy\u00fck, ez\u00e1ltal jelent\u0151sen jav\u00edtva a k\u00f6t\u0151er\u0151t a porcel\u00e1nhoz, ker\u00e1mi\u00e1hoz \u00e9s kompozithoz.\u200b<\/p>\n<p class=\"my-2 [&amp;+p]:mt-4 [&amp;_strong:has(+br)]:inline-block [&amp;_strong:has(+br)]:pb-2\"><strong>F\u0151 tulajdons\u00e1gok:<\/strong><\/p>\n<ul class=\"marker:text-quiet list-disc\">\n<li class=\"py-0 my-0 prose-p:pt-0 prose-p:mb-2 prose-p:my-0 [&amp;&gt;p]:pt-0 [&amp;&gt;p]:mb-2 [&amp;&gt;p]:my-0\">\n<p class=\"my-2 [&amp;+p]:mt-4 [&amp;_strong:has(+br)]:inline-block [&amp;_strong:has(+br)]:pb-2\">Szil\u00e1nk\u00f6t\u0151 anyag, amely er\u0151s\u00edtett k\u00f6t\u00e9st eredm\u00e9nyez ker\u00e1mia \u00e9s kompozit felsz\u00ednekhez, nem sz\u00fcks\u00e9ges HF sav hasz\u00e1lata.\u200b<\/p>\n<\/li>\n<li class=\"py-0 my-0 prose-p:pt-0 prose-p:mb-2 prose-p:my-0 [&amp;&gt;p]:pt-0 [&amp;&gt;p]:mb-2 [&amp;&gt;p]:my-0\">\n<p class=\"my-2 [&amp;+p]:mt-4 [&amp;_strong:has(+br)]:inline-block [&amp;_strong:has(+br)]:pb-2\">Intraor\u00e1lis \u00e9s extraor\u00e1lis jav\u00edt\u00e1sokhoz egyar\u00e1nt alkalmas.\u200b<\/p>\n<\/li>\n<li class=\"py-0 my-0 prose-p:pt-0 prose-p:mb-2 prose-p:my-0 [&amp;&gt;p]:pt-0 [&amp;&gt;p]:mb-2 [&amp;&gt;p]:my-0\">\n<p class=\"my-2 [&amp;+p]:mt-4 [&amp;_strong:has(+br)]:inline-block [&amp;_strong:has(+br)]:pb-2\">Gazdas\u00e1gos \u00e9s id\u0151takar\u00e9kos megold\u00e1s, egyszer\u0171en alkalmazhat\u00f3: a Clearfil ragaszt\u00f3k primer r\u00e9sz\u00e9vel (pl. SE Bond Primer) 1:1 ar\u00e1nyban elkeverve kapjuk az aktiv\u00e1l\u00f3 elegyet, amit az el\u0151k\u00e9sz\u00edtett ker\u00e1mia vagy kompozit felsz\u00ednre visz\u00fcnk.\u200b<\/p>\n<\/li>\n<li class=\"py-0 my-0 prose-p:pt-0 prose-p:mb-2 prose-p:my-0 [&amp;&gt;p]:pt-0 [&amp;&gt;p]:mb-2 [&amp;&gt;p]:my-0\">\n<p class=\"my-2 [&amp;+p]:mt-4 [&amp;_strong:has(+br)]:inline-block [&amp;_strong:has(+br)]:pb-2\">4 ml-es kiszerel\u00e9sben \u00e9rhet\u0151 el.\u200b<\/p>\n<\/li>\n<\/ul>\n<p class=\"my-2 [&amp;+p]:mt-4 [&amp;_strong:has(+br)]:inline-block [&amp;_strong:has(+br)]:pb-2\"><strong>Felhaszn\u00e1l\u00e1s:<\/strong><\/p>\n<ul class=\"marker:text-quiet list-disc\">\n<li class=\"py-0 my-0 prose-p:pt-0 prose-p:mb-2 prose-p:my-0 [&amp;&gt;p]:pt-0 [&amp;&gt;p]:mb-2 [&amp;&gt;p]:my-0\">\n<p class=\"my-2 [&amp;+p]:mt-4 [&amp;_strong:has(+br)]:inline-block [&amp;_strong:has(+br)]:pb-2\">Ker\u00e1mia, hibrid ker\u00e1mia \u00e9s kompozit restaur\u00e1ci\u00f3k felsz\u00edni el\u0151kezel\u00e9s\u00e9re (jav\u00edt\u00e1s, r\u00f6gz\u00edt\u00e9s, \u201cadhesion booster\u201d).<\/p>\n<\/li>\n<li class=\"py-0 my-0 prose-p:pt-0 prose-p:mb-2 prose-p:my-0 [&amp;&gt;p]:pt-0 [&amp;&gt;p]:mb-2 [&amp;&gt;p]:my-0\">\n<p class=\"my-2 [&amp;+p]:mt-4 [&amp;_strong:has(+br)]:inline-block [&amp;_strong:has(+br)]:pb-2\">Porcel\u00e1n vagy porcel\u00e1nnal bor\u00edtott koron\u00e1k, hidak jav\u00edt\u00e1sa vagy r\u00f6gz\u00edt\u00e9se eset\u00e9n sz\u00fcks\u00e9ges.<\/p>\n<\/li>\n<li class=\"py-0 my-0 prose-p:pt-0 prose-p:mb-2 prose-p:my-0 [&amp;&gt;p]:pt-0 [&amp;&gt;p]:mb-2 [&amp;&gt;p]:my-0\">\n<p class=\"my-2 [&amp;+p]:mt-4 [&amp;_strong:has(+br)]:inline-block [&amp;_strong:has(+br)]:pb-2\">Gingiv\u00e1lis porcel\u00e1n ter\u00fcletek restaur\u00e1l\u00e1sa.\u200b<\/p>\n<\/li>\n<\/ul>\n<p class=\"my-2 [&amp;+p]:mt-4 [&amp;_strong:has(+br)]:inline-block [&amp;_strong:has(+br)]:pb-2\">A CLEARFIL Porcelain Bond Activator haszn\u00e1lata jelent\u0151sen n\u00f6veli a porcel\u00e1n \u00e9s kompozit restaur\u00e1ci\u00f3k k\u00f6t\u0151szil\u00e1rds\u00e1g\u00e1t, gyors \u00e9s megb\u00edzhat\u00f3 eredm\u00e9nyekkel a mindennapi fog\u00e1szati gyakorlatban.<\/p>\n","protected":false},"excerpt":{"rendered":"<p>A CLEARFIL Porcelain Bond Activator egy szil\u00e1n TARTALM\u00da k\u00f6t\u0151anyag (silane coupling agent), melyet porcel\u00e1n, hibridker\u00e1mia \u00e9s kompozit restaur\u00e1ci\u00f3k felsz\u00edni el\u0151kezel\u00e9s\u00e9re fejlesztettek. C\u00e9lja, hogy m\u00e1s Clearfil ragaszt\u00f3rendszerek primer r\u00e9sz\u00e9vel elkeverve az \u00edgy kapott aktiv\u00e1lt elegyet k\u00f6zvetlen\u00fcl a restaur\u00e1ci\u00f3 felsz\u00edn\u00e9re vigy\u00fck, ez\u00e1ltal jelent\u0151sen jav\u00edtva a k\u00f6t\u0151er\u0151t a porcel\u00e1nhoz, ker\u00e1mi\u00e1hoz \u00e9s kompozithoz.\u200b<\/p>\n<p>Kiszerel\u00e9s: 4ml<\/p>\n","protected":false},"featured_media":10809,"comment_status":"open","ping_status":"closed","template":"","meta":{"inline_featured_image":false},"product_brand":[154],"product_cat":[271,274],"product_tag":[],"class_list":{"0":"post-10808","1":"product","2":"type-product","3":"status-publish","4":"has-post-thumbnail","6":"product_brand-kuraray","7":"product_cat-fogpotlas","8":"product_cat-kiegeszitok-ragasztashoz","10":"first","11":"instock","12":"taxable","13":"shipping-taxable","14":"purchasable","15":"product-type-simple"},"_links":{"self":[{"href":"https:\/\/prodental.hu\/shop\/wp-json\/wp\/v2\/product\/10808","targetHints":{"allow":["GET"]}}],"collection":[{"href":"https:\/\/prodental.hu\/shop\/wp-json\/wp\/v2\/product"}],"about":[{"href":"https:\/\/prodental.hu\/shop\/wp-json\/wp\/v2\/types\/product"}],"replies":[{"embeddable":true,"href":"https:\/\/prodental.hu\/shop\/wp-json\/wp\/v2\/comments?post=10808"}],"wp:featuredmedia":[{"embeddable":true,"href":"https:\/\/prodental.hu\/shop\/wp-json\/wp\/v2\/media\/10809"}],"wp:attachment":[{"href":"https:\/\/prodental.hu\/shop\/wp-json\/wp\/v2\/media?parent=10808"}],"wp:term":[{"taxonomy":"product_brand","embeddable":true,"href":"https:\/\/prodental.hu\/shop\/wp-json\/wp\/v2\/product_brand?post=10808"},{"taxonomy":"product_cat","embeddable":true,"href":"https:\/\/prodental.hu\/shop\/wp-json\/wp\/v2\/product_cat?post=10808"},{"taxonomy":"product_tag","embeddable":true,"href":"https:\/\/prodental.hu\/shop\/wp-json\/wp\/v2\/product_tag?post=10808"}],"curies":[{"name":"wp","href":"https:\/\/api.w.org\/{rel}","templated":true}]}}