{"id":10806,"date":"2025-10-12T16:48:14","date_gmt":"2025-10-12T16:48:14","guid":{"rendered":"https:\/\/prodental.hu\/shop\/?post_type=product&#038;p=10806"},"modified":"2025-11-07T11:32:24","modified_gmt":"2025-11-07T11:32:24","slug":"alloy-primer","status":"publish","type":"product","link":"https:\/\/prodental.hu\/shop\/product\/alloy-primer\/","title":{"rendered":"ALLOY PRIMER"},"content":{"rendered":"<p class=\"my-2 [&amp;+p]:mt-4 [&amp;_strong:has(+br)]:inline-block [&amp;_strong:has(+br)]:pb-2\">Az ALLOY PRIMER a Kuraray hivatalos le\u00edr\u00e1sa szerint egy f\u00e9mprimer, melyet arra terveztek, hogy n\u00f6velje a kompozit \u00e9s akril\u00e1t m\u0171gyant\u00e1k k\u00f6t\u0151erej\u00e9t aranyhoz, tit\u00e1nhoz, b\u00e1zisf\u00e9mekhez \u00e9s egy\u00e9b fog\u00e1szati \u00f6tv\u00f6zetekhez. Kiemelt tulajdons\u00e1ga, hogy megsz\u00fcnteti a bonyolult \u00f3nos bevonat sz\u00fcks\u00e9gess\u00e9g\u00e9t, mivel egyszer\u0171, gyors felvitellel \u2013 egy v\u00e9kony r\u00e9teg alkalmaz\u00e1s\u00e1val a homokf\u00fajt vagy \u00e9rdes\u00edtett \u00e9s megtiszt\u00edtott f\u00e9mfelsz\u00ednre, mind\u00f6ssze \u00f6t m\u00e1sodperces reakci\u00f3id\u0151vel \u2013 er\u0151s k\u00e9miai k\u00f6t\u00e9st hoz l\u00e9tre a f\u00e9m \u00e9s a ragasztand\u00f3 m\u0171gyantaanyag k\u00f6z\u00f6tt.\u200b<\/p>\n<p class=\"my-2 [&amp;+p]:mt-4 [&amp;_strong:has(+br)]:inline-block [&amp;_strong:has(+br)]:pb-2\"><strong>Tulajdons\u00e1gok:<\/strong><\/p>\n<ul class=\"marker:text-quiet list-disc\">\n<li class=\"py-0 my-0 prose-p:pt-0 prose-p:mb-2 prose-p:my-0 [&amp;&gt;p]:pt-0 [&amp;&gt;p]:mb-2 [&amp;&gt;p]:my-0\">\n<p class=\"my-2 [&amp;+p]:mt-4 [&amp;_strong:has(+br)]:inline-block [&amp;_strong:has(+br)]:pb-2\">Intra- \u00e9s extraor\u00e1lis alkalmaz\u00e1sra is alkalmas, teh\u00e1t a rendel\u0151ben \u00e9s laborban egyar\u00e1nt haszn\u00e1lhat\u00f3.\u200b<\/p>\n<\/li>\n<li class=\"py-0 my-0 prose-p:pt-0 prose-p:mb-2 prose-p:my-0 [&amp;&gt;p]:pt-0 [&amp;&gt;p]:mb-2 [&amp;&gt;p]:my-0\">\n<p class=\"my-2 [&amp;+p]:mt-4 [&amp;_strong:has(+br)]:inline-block [&amp;_strong:has(+br)]:pb-2\">F\u00e9m inlay, onlay, korona, h\u00edd, ragasztott hidak, f\u00e9mcsapok \u00e9s f\u00e9mesen meger\u0151s\u00edtett p\u00f3tl\u00e1sok r\u00f6gz\u00edt\u00e9s\u00e9hez, valamint repedt\/let\u00f6rt m\u0171gyanta vagy ker\u00e1mia leplez\u00e9s\u0171 koron\u00e1k jav\u00edt\u00e1s\u00e1hoz, fogsorok, f\u00e9malap\u00fa kivehet\u0151 p\u00f3tl\u00e1sok k\u00e9sz\u00edt\u00e9s\u00e9hez, jav\u00edt\u00e1s\u00e1hoz alkalmazhat\u00f3.\u200b<\/p>\n<\/li>\n<li class=\"py-0 my-0 prose-p:pt-0 prose-p:mb-2 prose-p:my-0 [&amp;&gt;p]:pt-0 [&amp;&gt;p]:mb-2 [&amp;&gt;p]:my-0\">\n<p class=\"my-2 [&amp;+p]:mt-4 [&amp;_strong:has(+br)]:inline-block [&amp;_strong:has(+br)]:pb-2\">Az alkalmaz\u00e1s nagyon egyszer\u0171 \u00e9s gazdas\u00e1gos: csak egy v\u00e9kony r\u00e9teget kell felvinni, majd a szok\u00e1sos ragaszt\u00e1si protokoll szerint folytatni.\u200b<\/p>\n<\/li>\n<\/ul>\n<p class=\"my-2 [&amp;+p]:mt-4 [&amp;_strong:has(+br)]:inline-block [&amp;_strong:has(+br)]:pb-2\"><strong>M\u0171k\u00f6d\u00e9si mechanizmus:<\/strong><\/p>\n<ul class=\"marker:text-quiet list-disc\">\n<li class=\"py-0 my-0 prose-p:pt-0 prose-p:mb-2 prose-p:my-0 [&amp;&gt;p]:pt-0 [&amp;&gt;p]:mb-2 [&amp;&gt;p]:my-0\">\n<p class=\"my-2 [&amp;+p]:mt-4 [&amp;_strong:has(+br)]:inline-block [&amp;_strong:has(+br)]:pb-2\">Tartalmaz VBATDT valamint MDP monomert, \u00edgy k\u00e9pes mind nemesf\u00e9mekhez (pl. arany, platina), mind b\u00e1zisf\u00e9mekhez (pl. tit\u00e1n, nikkel, kr\u00f3m) tart\u00f3s, k\u00e9miai k\u00f6t\u00e9st l\u00e9trehozni; a VBATDT k\u00e9natomai a nemesf\u00e9mhez, az MDP foszforsav-csoportjai pedig a b\u00e1zisf\u00e9mhez k\u00f6t\u0151dnek szil\u00e1rdan.\u200b<\/p>\n<\/li>\n<\/ul>\n<p class=\"my-2 [&amp;+p]:mt-4 [&amp;_strong:has(+br)]:inline-block [&amp;_strong:has(+br)]:pb-2\"><strong>Kiszerel\u00e9s:<\/strong>\u00a05 ml-es flakon, egykomponens\u0171 formula.\u200b<\/p>\n<p class=\"my-2 [&amp;+p]:mt-4 [&amp;_strong:has(+br)]:inline-block [&amp;_strong:has(+br)]:pb-2\">Az Alloy Primer gyors, egyszer\u0171 megold\u00e1st jelent minden olyan esetben, ahol a f\u00e9mr\u0151l m\u0171gyanta vagy akril anyagot kell ragasztani, jav\u00edtva a k\u00f6t\u00e9ser\u0151ss\u00e9get \u00e9s minimaliz\u00e1lva az extra laborl\u00e9p\u00e9sek (pl. \u00f3nos bevonat, bonyolult felsz\u00ednkezel\u00e9s) sz\u00fcks\u00e9gess\u00e9g\u00e9t.<\/p>\n","protected":false},"excerpt":{"rendered":"<p>F\u00e9mek el\u0151kezel\u00e9s\u00e9re haszn\u00e1latos primer, el\u0151seg\u00edti a bondok \u00e9s cementek f\u00e9mekhez, \u00f6tv\u00f6zetekhez val\u00f3 tapad\u00e1s\u00e1t.<\/p>\n","protected":false},"featured_media":10807,"comment_status":"open","ping_status":"closed","template":"","meta":{"inline_featured_image":false},"product_brand":[154],"product_cat":[126,271,274],"product_tag":[],"class_list":{"0":"post-10806","1":"product","2":"type-product","3":"status-publish","4":"has-post-thumbnail","6":"product_brand-kuraray","7":"product_cat-bondok","8":"product_cat-fogpotlas","9":"product_cat-kiegeszitok-ragasztashoz","11":"first","12":"instock","13":"taxable","14":"shipping-taxable","15":"purchasable","16":"product-type-simple"},"_links":{"self":[{"href":"https:\/\/prodental.hu\/shop\/wp-json\/wp\/v2\/product\/10806","targetHints":{"allow":["GET"]}}],"collection":[{"href":"https:\/\/prodental.hu\/shop\/wp-json\/wp\/v2\/product"}],"about":[{"href":"https:\/\/prodental.hu\/shop\/wp-json\/wp\/v2\/types\/product"}],"replies":[{"embeddable":true,"href":"https:\/\/prodental.hu\/shop\/wp-json\/wp\/v2\/comments?post=10806"}],"wp:featuredmedia":[{"embeddable":true,"href":"https:\/\/prodental.hu\/shop\/wp-json\/wp\/v2\/media\/10807"}],"wp:attachment":[{"href":"https:\/\/prodental.hu\/shop\/wp-json\/wp\/v2\/media?parent=10806"}],"wp:term":[{"taxonomy":"product_brand","embeddable":true,"href":"https:\/\/prodental.hu\/shop\/wp-json\/wp\/v2\/product_brand?post=10806"},{"taxonomy":"product_cat","embeddable":true,"href":"https:\/\/prodental.hu\/shop\/wp-json\/wp\/v2\/product_cat?post=10806"},{"taxonomy":"product_tag","embeddable":true,"href":"https:\/\/prodental.hu\/shop\/wp-json\/wp\/v2\/product_tag?post=10806"}],"curies":[{"name":"wp","href":"https:\/\/api.w.org\/{rel}","templated":true}]}}

<p class="my-2 [&amp;+p]:mt-4 [&amp;_strong:has(+br)]:inline-block [&amp;_strong:has(+br)]:pb-2">Az ALLOY PRIMER a Kuraray hivatalos leírása szerint egy fémprimer, melyet arra terveztek, hogy növelje a kompozit és akrilát műgyanták kötőerejét aranyhoz, titánhoz, bázisfémekhez és egyéb fogászati ötvözetekhez. Kiemelt tulajdonsága, hogy megszünteti a bonyolult ónos bevonat szükségességét, mivel egyszerű, gyors felvitellel – egy vékony réteg alkalmazásával a homokfújt vagy érdesített és megtisztított fémfelszínre, mindössze öt másodperces reakcióidővel – erős kémiai kötést hoz létre a fém és a ragasztandó műgyantaanyag között.​</p>
<p class="my-2 [&amp;+p]:mt-4 [&amp;_strong:has(+br)]:inline-block [&amp;_strong:has(+br)]:pb-2"><strong>Tulajdonságok:</strong></p>
<ul class="marker:text-quiet list-disc">
<li class="py-0 my-0 prose-p:pt-0 prose-p:mb-2 prose-p:my-0 [&amp;&gt;p]:pt-0 [&amp;&gt;p]:mb-2 [&amp;&gt;p]:my-0">
<p class="my-2 [&amp;+p]:mt-4 [&amp;_strong:has(+br)]:inline-block [&amp;_strong:has(+br)]:pb-2">Intra- és extraorális alkalmazásra is alkalmas, tehát a rendelőben és laborban egyaránt használható.​</p>
</li>
<li class="py-0 my-0 prose-p:pt-0 prose-p:mb-2 prose-p:my-0 [&amp;&gt;p]:pt-0 [&amp;&gt;p]:mb-2 [&amp;&gt;p]:my-0">
<p class="my-2 [&amp;+p]:mt-4 [&amp;_strong:has(+br)]:inline-block [&amp;_strong:has(+br)]:pb-2">Fém inlay, onlay, korona, híd, ragasztott hidak, fémcsapok és fémesen megerősített pótlások rögzítéséhez, valamint repedt/letört műgyanta vagy kerámia leplezésű koronák javításához, fogsorok, fémalapú kivehető pótlások készítéséhez, javításához alkalmazható.​</p>
</li>
<li class="py-0 my-0 prose-p:pt-0 prose-p:mb-2 prose-p:my-0 [&amp;&gt;p]:pt-0 [&amp;&gt;p]:mb-2 [&amp;&gt;p]:my-0">
<p class="my-2 [&amp;+p]:mt-4 [&amp;_strong:has(+br)]:inline-block [&amp;_strong:has(+br)]:pb-2">Az alkalmazás nagyon egyszerű és gazdaságos: csak egy vékony réteget kell felvinni, majd a szokásos ragasztási protokoll szerint folytatni.​</p>
</li>
</ul>
<p class="my-2 [&amp;+p]:mt-4 [&amp;_strong:has(+br)]:inline-block [&amp;_strong:has(+br)]:pb-2"><strong>Működési mechanizmus:</strong></p>
<ul class="marker:text-quiet list-disc">
<li class="py-0 my-0 prose-p:pt-0 prose-p:mb-2 prose-p:my-0 [&amp;&gt;p]:pt-0 [&amp;&gt;p]:mb-2 [&amp;&gt;p]:my-0">
<p class="my-2 [&amp;+p]:mt-4 [&amp;_strong:has(+br)]:inline-block [&amp;_strong:has(+br)]:pb-2">Tartalmaz VBATDT valamint MDP monomert, így képes mind nemesfémekhez (pl. arany, platina), mind bázisfémekhez (pl. titán, nikkel, króm) tartós, kémiai kötést létrehozni; a VBATDT kénatomai a nemesfémhez, az MDP foszforsav-csoportjai pedig a bázisfémhez kötődnek szilárdan.​</p>
</li>
</ul>
<p class="my-2 [&amp;+p]:mt-4 [&amp;_strong:has(+br)]:inline-block [&amp;_strong:has(+br)]:pb-2"><strong>Kiszerelés:</strong> 5 ml-es flakon, egykomponensű formula.​</p>
<p class="my-2 [&amp;+p]:mt-4 [&amp;_strong:has(+br)]:inline-block [&amp;_strong:has(+br)]:pb-2">Az Alloy Primer gyors, egyszerű megoldást jelent minden olyan esetben, ahol a fémről műgyanta vagy akril anyagot kell ragasztani, javítva a kötéserősséget és minimalizálva az extra laborlépések (pl. ónos bevonat, bonyolult felszínkezelés) szükségességét.</p>

<p>Fémek előkezelésére használatos primer, elősegíti a bondok és cementek fémekhez, ötvözetekhez való tapadását.</p>
