{"id":10786,"date":"2025-10-12T16:20:53","date_gmt":"2025-10-12T16:20:53","guid":{"rendered":"https:\/\/prodental.hu\/shop\/?post_type=product&#038;p=10786"},"modified":"2026-03-16T08:05:35","modified_gmt":"2026-03-16T08:05:35","slug":"clearfil-se-protect","status":"publish","type":"product","link":"https:\/\/prodental.hu\/shop\/product\/clearfil-se-protect\/","title":{"rendered":"CLEARFIL SE PROTECT"},"content":{"rendered":"","protected":false},"excerpt":{"rendered":"<p>A CLEARFIL SE PROTECT , egy k\u00e9tl\u00e9p\u00e9ses, \u00f6nsavaz\u00f3, f\u00e9nyrek\u00f6t\u0151 bond 10-MDP adhez\u00edv monomerrel, amely k\u00e9t innovat\u00edv technol\u00f3gi\u00e1t \u00f6tv\u00f6z:<\/p>\n<p>Antibakteri\u00e1lis hat\u00e1s: a MDPB nev\u0171 monomernek k\u00f6sz\u00f6nhet\u0151en akt\u00edvan cs\u00f6kkenti a bakt\u00e9riumok sz\u00e1m\u00e1t a kezelt \u00fcregben, \u00edgy cs\u00f6kkenti a m\u00e1sodlagos szuvasod\u00e1s kock\u00e1zat\u00e1t \u00e9s jav\u00edtja a restaur\u00e1ci\u00f3 hossz\u00fat\u00e1v\u00fa eredm\u00e9nyess\u00e9g\u00e9t.\u200b<\/p>\n<p>Fluorid lead\u00e1sa: hosszan\u00a0tart\u00f3 fluoridkibocs\u00e1t\u00e1st biztos\u00edt, amely el\u0151seg\u00edti a dentin er\u0151s\u00f6d\u00e9s\u00e9t\u00a0(\u201esuper dentin\u201d z\u00f3na kialakul\u00e1sa), g\u00e1tolja a savas bakt\u00e9riumok k\u00e1ros\u00edt\u00f3 hat\u00e1s\u00e1t \u00e9s\u00a0n\u00f6veli a ragaszt\u00f3r\u00e9teg ellen\u00e1ll\u00f3 k\u00e9pess\u00e9g\u00e9t.\u200b<\/p>\n<p>F\u0151 el\u0151nyei:<\/p>\n<p>Kiemelked\u0151 ragaszt\u00f3er\u0151\u00a0zom\u00e1nchoz \u00e9s\u00a0dentinhez, minim\u00e1lis posztoperat\u00edv \u00e9rz\u00e9kenys\u00e9g.<\/p>\n<p>Gyors, egyszer\u0171 alkalmaz\u00e1s,\u00a0alacsony technikai \u00e9rz\u00e9kenys\u00e9g.<\/p>\n<p>Direkt kompozit \u00e9s kompomer t\u00f6m\u00e9sekhez, \u00fcregz\u00e1r\u00e1sra, \u00e9rz\u00e9keny gy\u00f6k\u00e9rfel\u00fcletekhez, \u00e9s indirekt restaur\u00e1ci\u00f3khoz is aj\u00e1nlott.<\/p>\n<p>Maxim\u00e1lis sz\u00e9li z\u00e1r\u00e1s, minim\u00e1lis\u00a0mikro-sziv\u00e1rg\u00e1s.<\/p>\n","protected":false},"featured_media":11950,"comment_status":"open","ping_status":"closed","template":"","meta":{"inline_featured_image":false},"product_brand":[154],"product_cat":[263,126],"product_tag":[],"class_list":{"0":"post-10786","1":"product","2":"type-product","3":"status-publish","4":"has-post-thumbnail","6":"product_brand-kuraray","7":"product_cat-tomeskeszites","8":"product_cat-bondok","10":"first","11":"instock","12":"taxable","13":"shipping-taxable","14":"purchasable","15":"product-type-variable"},"_links":{"self":[{"href":"https:\/\/prodental.hu\/shop\/wp-json\/wp\/v2\/product\/10786","targetHints":{"allow":["GET"]}}],"collection":[{"href":"https:\/\/prodental.hu\/shop\/wp-json\/wp\/v2\/product"}],"about":[{"href":"https:\/\/prodental.hu\/shop\/wp-json\/wp\/v2\/types\/product"}],"replies":[{"embeddable":true,"href":"https:\/\/prodental.hu\/shop\/wp-json\/wp\/v2\/comments?post=10786"}],"wp:featuredmedia":[{"embeddable":true,"href":"https:\/\/prodental.hu\/shop\/wp-json\/wp\/v2\/media\/11950"}],"wp:attachment":[{"href":"https:\/\/prodental.hu\/shop\/wp-json\/wp\/v2\/media?parent=10786"}],"wp:term":[{"taxonomy":"product_brand","embeddable":true,"href":"https:\/\/prodental.hu\/shop\/wp-json\/wp\/v2\/product_brand?post=10786"},{"taxonomy":"product_cat","embeddable":true,"href":"https:\/\/prodental.hu\/shop\/wp-json\/wp\/v2\/product_cat?post=10786"},{"taxonomy":"product_tag","embeddable":true,"href":"https:\/\/prodental.hu\/shop\/wp-json\/wp\/v2\/product_tag?post=10786"}],"curies":[{"name":"wp","href":"https:\/\/api.w.org\/{rel}","templated":true}]}}