{"id":10642,"date":"2025-08-22T18:06:02","date_gmt":"2025-08-22T18:06:02","guid":{"rendered":"https:\/\/prodental.hu\/shop\/?post_type=product&#038;p=10642"},"modified":"2025-11-09T11:18:36","modified_gmt":"2025-11-09T11:18:36","slug":"clearfil-majesty-es-2-plt-2","status":"publish","type":"product","link":"https:\/\/prodental.hu\/shop\/product\/clearfil-majesty-es-2-plt-2\/","title":{"rendered":"CLEARFIL MAJESTY Posterior"},"content":{"rendered":"<p>A CLEARFIL MAJESTY\u2122 Posterior egy f\u00e9nyre k\u00f6t\u0151, nano-szupert\u00f6lt\u00e9s\u0171, radiopak poszterior t\u00f6m\u0151anyag, amely egy \u00faj, szabadalmaztatott fel\u00fcletkezel\u00e9si elj\u00e1r\u00e1son \u00e1tesett\u00a0 nano- \u00e9s mikrom\u00e9ret\u0171 szervetlen t\u00f6lt\u0151anyagot is tartalmaz.<\/p>\n<p>F\u0151 el\u0151ny\u00f6k<br \/>\n&#8211; Legnagyobb t\u00f6lt\u0151anyag-mennyis\u00e9g (92 t\u00f6meg%, 82 t\u00e9rfogat%)<br \/>\n&#8211; Az emberi zom\u00e1nchoz k\u00f6zeli fel\u00fcleti kem\u00e9nys\u00e9g (nagy kop\u00e1s\u00e1ll\u00f3s\u00e1g), de k\u00edm\u00e9letes az antagonista fogakkal szemben.<\/p>\n","protected":false},"excerpt":{"rendered":"<p>A CLEARFIL MAJESTY\u2122 Posterior egy f\u00e9nyre k\u00f6t\u0151, nano-szupert\u00f6lt\u00e9s\u0171, radiopak poszterior t\u00f6m\u0151anyag, amely egy \u00faj, szabadalmaztatott fel\u00fcletkezel\u00e9si elj\u00e1r\u00e1son \u00e1tesett\u00a0 nano- \u00e9s mikrom\u00e9ret\u0171 szervetlen t\u00f6lt\u0151anyagot is tartalmaz.<\/p>\n<p>F\u0151 el\u0151ny\u00f6k<br \/>\n&#8211; Legnagyobb t\u00f6lt\u0151anyag-mennyis\u00e9g (92 t\u00f6meg%, 82 t\u00e9rfogat%)<br \/>\n&#8211; Az emberi zom\u00e1nchoz k\u00f6zeli fel\u00fcleti kem\u00e9nys\u00e9g (nagy kop\u00e1s\u00e1ll\u00f3s\u00e1g), de k\u00edm\u00e9letes az antagonista fogakkal szemben.<\/p>\n<p>4,9 g (2 ml) vagy 20&#215;0,25 g<\/p>\n","protected":false},"featured_media":10657,"comment_status":"open","ping_status":"closed","template":"","meta":{"inline_featured_image":false},"product_brand":[154],"product_cat":[130,263],"product_tag":[],"class_list":{"0":"post-10642","1":"product","2":"type-product","3":"status-publish","4":"has-post-thumbnail","6":"product_brand-kuraray","7":"product_cat-kompozitok","8":"product_cat-tomeskeszites","10":"first","11":"instock","12":"taxable","13":"shipping-taxable","14":"purchasable","15":"product-type-variable"},"_links":{"self":[{"href":"https:\/\/prodental.hu\/shop\/wp-json\/wp\/v2\/product\/10642","targetHints":{"allow":["GET"]}}],"collection":[{"href":"https:\/\/prodental.hu\/shop\/wp-json\/wp\/v2\/product"}],"about":[{"href":"https:\/\/prodental.hu\/shop\/wp-json\/wp\/v2\/types\/product"}],"replies":[{"embeddable":true,"href":"https:\/\/prodental.hu\/shop\/wp-json\/wp\/v2\/comments?post=10642"}],"wp:featuredmedia":[{"embeddable":true,"href":"https:\/\/prodental.hu\/shop\/wp-json\/wp\/v2\/media\/10657"}],"wp:attachment":[{"href":"https:\/\/prodental.hu\/shop\/wp-json\/wp\/v2\/media?parent=10642"}],"wp:term":[{"taxonomy":"product_brand","embeddable":true,"href":"https:\/\/prodental.hu\/shop\/wp-json\/wp\/v2\/product_brand?post=10642"},{"taxonomy":"product_cat","embeddable":true,"href":"https:\/\/prodental.hu\/shop\/wp-json\/wp\/v2\/product_cat?post=10642"},{"taxonomy":"product_tag","embeddable":true,"href":"https:\/\/prodental.hu\/shop\/wp-json\/wp\/v2\/product_tag?post=10642"}],"curies":[{"name":"wp","href":"https:\/\/api.w.org\/{rel}","templated":true}]}}